{"id":99,"date":"2020-06-25T14:49:46","date_gmt":"2020-06-25T14:49:46","guid":{"rendered":"http:\/\/lesgitesdebouxhmont.com\/?page_id=99"},"modified":"2024-02-22T13:30:00","modified_gmt":"2024-02-22T13:30:00","slug":"disponibilites-et-tarifs","status":"publish","type":"page","link":"https:\/\/lesgitesdebouxhmont.com\/?page_id=99","title":{"rendered":"Disponibilit\u00e9s et tarifs"},"content":{"rendered":"\n<p class=\"has-suki-color-7-color has-suki-color-3-background-color has-text-color has-background has-medium-font-size\">Le calendrier des disponibilit\u00e9s, les tarifs ainsi que le formulaire de r\u00e9servation sont disponibles via les liens d&rsquo;Accueil Champ\u00eatre, ci-dessous.<\/p>\n\n\n\n<p class=\"has-suki-color-7-color has-suki-color-3-background-color has-text-color has-background has-medium-font-size\">Pour le g\u00eete:<br>LE FOURNIL, capacit\u00e9 2 personnes, cliquez <em><span style=\"text-decoration: underline;\"><a href=\"https:\/\/www.accueilchampetre.be\/shop\/les-gites-de-bouxhmont-le-fournil-2302?page=15&amp;category=55\" target=\"_blank\" rel=\"noreferrer noopener sponsored nofollow\"><strong>ICI<\/strong><\/a><\/span><\/em><br>LE FENIL, capacit\u00e9 7 \u00e0 9 personnes, cliquez <em><strong><span style=\"text-decoration: underline;\"><a href=\"https:\/\/www.accueilchampetre.be\/shop\/les-gites-de-bouxhmont-le-fenil-2303?page=15&amp;category=55\" target=\"_blank\" rel=\"noreferrer noopener sponsored nofollow\">ICI<\/a><\/span><\/strong><\/em><\/p>\n\n\n\n<p class=\"has-suki-color-3-color has-text-color has-large-font-size\">POUR NOS AMIS NEERLANDAIS rendez-vous sur la page de Beaujean vacances en cliquant&nbsp;<em><mark><a href=\"https:\/\/www.beaujean-vacances.com\/fr\/maisons-de-vacances-ardennes\/gite-herve-ardennes-7-personnes-3-FEN?adults=1&amp;babies=0&amp;kids=0&amp;p=1&amp;pets=0&amp;tcp=0\" target=\"_blank\" rel=\"noreferrer noopener\"><span style=\"text-decoration: underline;\">ICI<\/span><\/a><\/mark><\/em><\/p>\n\n\n\n<figure class=\"wp-block-gallery has-nested-images columns-default is-cropped wp-block-gallery-1 is-layout-flex wp-block-gallery-is-layout-flex\">\n<figure class=\"wp-block-image size-large\"><img loading=\"lazy\" decoding=\"async\" width=\"1864\" height=\"1072\" data-id=\"580\" src=\"https:\/\/lesgitesdebouxhmont.com\/wp-content\/uploads\/2020\/07\/gites5.jpg\" alt=\"\" class=\"wp-image-580\" srcset=\"https:\/\/lesgitesdebouxhmont.com\/wp-content\/uploads\/2020\/07\/gites5.jpg 1864w, https:\/\/lesgitesdebouxhmont.com\/wp-content\/uploads\/2020\/07\/gites5-300x173.jpg 300w, https:\/\/lesgitesdebouxhmont.com\/wp-content\/uploads\/2020\/07\/gites5-1024x589.jpg 1024w, https:\/\/lesgitesdebouxhmont.com\/wp-content\/uploads\/2020\/07\/gites5-768x442.jpg 768w, https:\/\/lesgitesdebouxhmont.com\/wp-content\/uploads\/2020\/07\/gites5-1536x883.jpg 1536w\" sizes=\"auto, (max-width: 1864px) 100vw, 1864px\" \/><\/figure>\n\n\n\n<figure class=\"wp-block-image size-large\"><img loading=\"lazy\" decoding=\"async\" width=\"1885\" height=\"1060\" data-id=\"752\" src=\"https:\/\/lesgitesdebouxhmont.com\/wp-content\/uploads\/2021\/09\/23062020-GiteOsmoTest-5.jpg\" alt=\"\" class=\"wp-image-752\" srcset=\"https:\/\/lesgitesdebouxhmont.com\/wp-content\/uploads\/2021\/09\/23062020-GiteOsmoTest-5.jpg 1885w, https:\/\/lesgitesdebouxhmont.com\/wp-content\/uploads\/2021\/09\/23062020-GiteOsmoTest-5-300x169.jpg 300w, https:\/\/lesgitesdebouxhmont.com\/wp-content\/uploads\/2021\/09\/23062020-GiteOsmoTest-5-1024x576.jpg 1024w, https:\/\/lesgitesdebouxhmont.com\/wp-content\/uploads\/2021\/09\/23062020-GiteOsmoTest-5-768x432.jpg 768w, https:\/\/lesgitesdebouxhmont.com\/wp-content\/uploads\/2021\/09\/23062020-GiteOsmoTest-5-1536x864.jpg 1536w\" sizes=\"auto, (max-width: 1885px) 100vw, 1885px\" \/><figcaption class=\"wp-element-caption\">G\u00eete: Le Fournil<\/figcaption><\/figure>\n\n\n\n<figure class=\"wp-block-image size-large\"><img loading=\"lazy\" decoding=\"async\" width=\"1885\" height=\"1060\" data-id=\"600\" src=\"https:\/\/lesgitesdebouxhmont.com\/wp-content\/uploads\/2020\/07\/22062020-GiteOsmoTest-10.jpg\" alt=\"\" class=\"wp-image-600\" srcset=\"https:\/\/lesgitesdebouxhmont.com\/wp-content\/uploads\/2020\/07\/22062020-GiteOsmoTest-10.jpg 1885w, https:\/\/lesgitesdebouxhmont.com\/wp-content\/uploads\/2020\/07\/22062020-GiteOsmoTest-10-300x169.jpg 300w, https:\/\/lesgitesdebouxhmont.com\/wp-content\/uploads\/2020\/07\/22062020-GiteOsmoTest-10-1024x576.jpg 1024w, https:\/\/lesgitesdebouxhmont.com\/wp-content\/uploads\/2020\/07\/22062020-GiteOsmoTest-10-768x432.jpg 768w, https:\/\/lesgitesdebouxhmont.com\/wp-content\/uploads\/2020\/07\/22062020-GiteOsmoTest-10-1536x864.jpg 1536w\" sizes=\"auto, (max-width: 1885px) 100vw, 1885px\" \/><\/figure>\n\n\n\n<figure class=\"wp-block-image size-large\"><img loading=\"lazy\" decoding=\"async\" width=\"1700\" height=\"1175\" data-id=\"602\" src=\"https:\/\/lesgitesdebouxhmont.com\/wp-content\/uploads\/2020\/07\/23062020-GiteOsmoTest-3.jpg\" alt=\"\" class=\"wp-image-602\" srcset=\"https:\/\/lesgitesdebouxhmont.com\/wp-content\/uploads\/2020\/07\/23062020-GiteOsmoTest-3.jpg 1700w, https:\/\/lesgitesdebouxhmont.com\/wp-content\/uploads\/2020\/07\/23062020-GiteOsmoTest-3-300x207.jpg 300w, https:\/\/lesgitesdebouxhmont.com\/wp-content\/uploads\/2020\/07\/23062020-GiteOsmoTest-3-1024x708.jpg 1024w, https:\/\/lesgitesdebouxhmont.com\/wp-content\/uploads\/2020\/07\/23062020-GiteOsmoTest-3-768x531.jpg 768w, https:\/\/lesgitesdebouxhmont.com\/wp-content\/uploads\/2020\/07\/23062020-GiteOsmoTest-3-1536x1062.jpg 1536w\" sizes=\"auto, (max-width: 1700px) 100vw, 1700px\" \/><\/figure>\n\n\n\n<figure class=\"wp-block-image size-large\"><img loading=\"lazy\" decoding=\"async\" width=\"2560\" height=\"1893\" data-id=\"800\" src=\"https:\/\/lesgitesdebouxhmont.com\/wp-content\/uploads\/2021\/09\/11092021-GrandGiteTravaux-scaled.jpg\" alt=\"\" class=\"wp-image-800\" srcset=\"https:\/\/lesgitesdebouxhmont.com\/wp-content\/uploads\/2021\/09\/11092021-GrandGiteTravaux-scaled.jpg 2560w, https:\/\/lesgitesdebouxhmont.com\/wp-content\/uploads\/2021\/09\/11092021-GrandGiteTravaux-300x222.jpg 300w, https:\/\/lesgitesdebouxhmont.com\/wp-content\/uploads\/2021\/09\/11092021-GrandGiteTravaux-1024x757.jpg 1024w, https:\/\/lesgitesdebouxhmont.com\/wp-content\/uploads\/2021\/09\/11092021-GrandGiteTravaux-768x568.jpg 768w\" sizes=\"auto, (max-width: 2560px) 100vw, 2560px\" \/><\/figure>\n\n\n\n<figure class=\"wp-block-image size-large\"><img loading=\"lazy\" decoding=\"async\" width=\"1670\" height=\"2510\" data-id=\"799\" src=\"https:\/\/lesgitesdebouxhmont.com\/wp-content\/uploads\/2021\/09\/11092021-GrandGiteTravaux-8.jpg\" alt=\"\" class=\"wp-image-799\" srcset=\"https:\/\/lesgitesdebouxhmont.com\/wp-content\/uploads\/2021\/09\/11092021-GrandGiteTravaux-8.jpg 1670w, https:\/\/lesgitesdebouxhmont.com\/wp-content\/uploads\/2021\/09\/11092021-GrandGiteTravaux-8-200x300.jpg 200w, https:\/\/lesgitesdebouxhmont.com\/wp-content\/uploads\/2021\/09\/11092021-GrandGiteTravaux-8-681x1024.jpg 681w, https:\/\/lesgitesdebouxhmont.com\/wp-content\/uploads\/2021\/09\/11092021-GrandGiteTravaux-8-768x1154.jpg 768w, https:\/\/lesgitesdebouxhmont.com\/wp-content\/uploads\/2021\/09\/11092021-GrandGiteTravaux-8-1022x1536.jpg 1022w, https:\/\/lesgitesdebouxhmont.com\/wp-content\/uploads\/2021\/09\/11092021-GrandGiteTravaux-8-1363x2048.jpg 1363w\" sizes=\"auto, (max-width: 1670px) 100vw, 1670px\" \/><figcaption class=\"wp-element-caption\">G\u00eete: Le Fenil<\/figcaption><\/figure>\n\n\n\n<figure class=\"wp-block-image size-large\"><img loading=\"lazy\" decoding=\"async\" width=\"2401\" height=\"1746\" data-id=\"843\" src=\"https:\/\/lesgitesdebouxhmont.com\/wp-content\/uploads\/2021\/09\/05082021-GrandGiteTravaux-4.jpg\" alt=\"\" class=\"wp-image-843\" srcset=\"https:\/\/lesgitesdebouxhmont.com\/wp-content\/uploads\/2021\/09\/05082021-GrandGiteTravaux-4.jpg 2401w, https:\/\/lesgitesdebouxhmont.com\/wp-content\/uploads\/2021\/09\/05082021-GrandGiteTravaux-4-300x218.jpg 300w, https:\/\/lesgitesdebouxhmont.com\/wp-content\/uploads\/2021\/09\/05082021-GrandGiteTravaux-4-1024x745.jpg 1024w, https:\/\/lesgitesdebouxhmont.com\/wp-content\/uploads\/2021\/09\/05082021-GrandGiteTravaux-4-768x558.jpg 768w, https:\/\/lesgitesdebouxhmont.com\/wp-content\/uploads\/2021\/09\/05082021-GrandGiteTravaux-4-1536x1117.jpg 1536w, https:\/\/lesgitesdebouxhmont.com\/wp-content\/uploads\/2021\/09\/05082021-GrandGiteTravaux-4-2048x1489.jpg 2048w\" sizes=\"auto, (max-width: 2401px) 100vw, 2401px\" \/><\/figure>\n\n\n\n<figure class=\"wp-block-image size-large\"><img loading=\"lazy\" decoding=\"async\" width=\"1703\" height=\"2560\" data-id=\"744\" src=\"https:\/\/lesgitesdebouxhmont.com\/wp-content\/uploads\/2021\/09\/02092021-GrandGiteTravaux-17-scaled.jpg\" alt=\"\" class=\"wp-image-744\" srcset=\"https:\/\/lesgitesdebouxhmont.com\/wp-content\/uploads\/2021\/09\/02092021-GrandGiteTravaux-17-scaled.jpg 1703w, https:\/\/lesgitesdebouxhmont.com\/wp-content\/uploads\/2021\/09\/02092021-GrandGiteTravaux-17-200x300.jpg 200w, https:\/\/lesgitesdebouxhmont.com\/wp-content\/uploads\/2021\/09\/02092021-GrandGiteTravaux-17-681x1024.jpg 681w, https:\/\/lesgitesdebouxhmont.com\/wp-content\/uploads\/2021\/09\/02092021-GrandGiteTravaux-17-768x1154.jpg 768w, https:\/\/lesgitesdebouxhmont.com\/wp-content\/uploads\/2021\/09\/02092021-GrandGiteTravaux-17-1022x1536.jpg 1022w, https:\/\/lesgitesdebouxhmont.com\/wp-content\/uploads\/2021\/09\/02092021-GrandGiteTravaux-17-1363x2048.jpg 1363w\" sizes=\"auto, (max-width: 1703px) 100vw, 1703px\" \/><\/figure>\n\n\n\n<figure class=\"wp-block-image size-large\"><img loading=\"lazy\" decoding=\"async\" width=\"563\" height=\"748\" data-id=\"921\" src=\"https:\/\/lesgitesdebouxhmont.com\/wp-content\/uploads\/2021\/09\/Chambre1.jpg\" alt=\"\" class=\"wp-image-921\" srcset=\"https:\/\/lesgitesdebouxhmont.com\/wp-content\/uploads\/2021\/09\/Chambre1.jpg 563w, https:\/\/lesgitesdebouxhmont.com\/wp-content\/uploads\/2021\/09\/Chambre1-226x300.jpg 226w\" sizes=\"auto, (max-width: 563px) 100vw, 563px\" \/><\/figure>\n<\/figure>\n\n\n\n<p><\/p>\n","protected":false},"excerpt":{"rendered":"<p>Le calendrier des disponibilit\u00e9s, les tarifs ainsi que le formulaire de r\u00e9servation sont disponibles via les liens d&rsquo;Accueil Champ\u00eatre, ci-dessous. Pour le g\u00eete:LE FOURNIL, capacit\u00e9 2 personnes, cliquez ICILE FENIL, capacit\u00e9 7 \u00e0 9 personnes, cliquez ICI POUR NOS AMIS NEERLANDAIS rendez-vous sur la page de Beaujean vacances en cliquant&nbsp;ICI<\/p>\n","protected":false},"author":1,"featured_media":578,"parent":0,"menu_order":0,"comment_status":"closed","ping_status":"closed","template":"","meta":{"_monsterinsights_skip_tracking":false,"_monsterinsights_sitenote_active":false,"_monsterinsights_sitenote_note":"","_monsterinsights_sitenote_category":0,"footnotes":""},"class_list":["post-99","page","type-page","status-publish","has-post-thumbnail","hentry"],"yoast_head":"<!-- This site is optimized with the Yoast SEO plugin v27.5 - https:\/\/yoast.com\/product\/yoast-seo-wordpress\/ -->\n<title>Disponibilit\u00e9s et tarifs - Les g\u00eetes de Bouxhmont<\/title>\n<meta name=\"robots\" content=\"index, follow, max-snippet:-1, max-image-preview:large, max-video-preview:-1\" \/>\n<link rel=\"canonical\" href=\"https:\/\/lesgitesdebouxhmont.com\/?page_id=99\" \/>\n<meta property=\"og:locale\" content=\"fr_FR\" \/>\n<meta property=\"og:type\" content=\"article\" \/>\n<meta property=\"og:title\" content=\"Disponibilit\u00e9s et tarifs - Les g\u00eetes de Bouxhmont\" \/>\n<meta property=\"og:description\" content=\"Le calendrier des disponibilit\u00e9s, les tarifs ainsi que le formulaire de r\u00e9servation sont disponibles via les liens d&rsquo;Accueil Champ\u00eatre, ci-dessous. Pour le g\u00eete:LE FOURNIL, capacit\u00e9 2 personnes, cliquez ICILE FENIL, capacit\u00e9 7 \u00e0 9 personnes, cliquez ICI POUR NOS AMIS NEERLANDAIS rendez-vous sur la page de Beaujean vacances en cliquant&nbsp;ICI\" \/>\n<meta property=\"og:url\" content=\"https:\/\/lesgitesdebouxhmont.com\/?page_id=99\" \/>\n<meta property=\"og:site_name\" content=\"Les g\u00eetes de Bouxhmont\" \/>\n<meta property=\"article:publisher\" content=\"https:\/\/www.facebook.com\/Les-g%c3%aetes-de-Bouxhmont-111452740537296\/\" \/>\n<meta property=\"article:modified_time\" content=\"2024-02-22T13:30:00+00:00\" \/>\n<meta property=\"og:image\" content=\"https:\/\/lesgitesdebouxhmont.com\/wp-content\/uploads\/2020\/07\/gites4-e1642003433345.jpg\" \/>\n\t<meta property=\"og:image:width\" content=\"1757\" \/>\n\t<meta property=\"og:image:height\" content=\"975\" \/>\n\t<meta property=\"og:image:type\" content=\"image\/jpeg\" \/>\n<meta name=\"twitter:card\" content=\"summary_large_image\" \/>\n<meta name=\"twitter:label1\" content=\"Dur\u00e9e de lecture estim\u00e9e\" \/>\n\t<meta name=\"twitter:data1\" content=\"3 minutes\" \/>\n<script type=\"application\/ld+json\" class=\"yoast-schema-graph\">{\"@context\":\"https:\\\/\\\/schema.org\",\"@graph\":[{\"@type\":\"WebPage\",\"@id\":\"https:\\\/\\\/lesgitesdebouxhmont.com\\\/?page_id=99\",\"url\":\"https:\\\/\\\/lesgitesdebouxhmont.com\\\/?page_id=99\",\"name\":\"Disponibilit\u00e9s et tarifs - Les g\u00eetes de Bouxhmont\",\"isPartOf\":{\"@id\":\"https:\\\/\\\/lesgitesdebouxhmont.com\\\/#website\"},\"primaryImageOfPage\":{\"@id\":\"https:\\\/\\\/lesgitesdebouxhmont.com\\\/?page_id=99#primaryimage\"},\"image\":{\"@id\":\"https:\\\/\\\/lesgitesdebouxhmont.com\\\/?page_id=99#primaryimage\"},\"thumbnailUrl\":\"https:\\\/\\\/lesgitesdebouxhmont.com\\\/wp-content\\\/uploads\\\/2020\\\/07\\\/gites4-e1642003433345.jpg\",\"datePublished\":\"2020-06-25T14:49:46+00:00\",\"dateModified\":\"2024-02-22T13:30:00+00:00\",\"breadcrumb\":{\"@id\":\"https:\\\/\\\/lesgitesdebouxhmont.com\\\/?page_id=99#breadcrumb\"},\"inLanguage\":\"fr-FR\",\"potentialAction\":[{\"@type\":\"ReadAction\",\"target\":[\"https:\\\/\\\/lesgitesdebouxhmont.com\\\/?page_id=99\"]}]},{\"@type\":\"ImageObject\",\"inLanguage\":\"fr-FR\",\"@id\":\"https:\\\/\\\/lesgitesdebouxhmont.com\\\/?page_id=99#primaryimage\",\"url\":\"https:\\\/\\\/lesgitesdebouxhmont.com\\\/wp-content\\\/uploads\\\/2020\\\/07\\\/gites4-e1642003433345.jpg\",\"contentUrl\":\"https:\\\/\\\/lesgitesdebouxhmont.com\\\/wp-content\\\/uploads\\\/2020\\\/07\\\/gites4-e1642003433345.jpg\",\"width\":1757,\"height\":975},{\"@type\":\"BreadcrumbList\",\"@id\":\"https:\\\/\\\/lesgitesdebouxhmont.com\\\/?page_id=99#breadcrumb\",\"itemListElement\":[{\"@type\":\"ListItem\",\"position\":1,\"name\":\"Accueil\",\"item\":\"https:\\\/\\\/lesgitesdebouxhmont.com\\\/\"},{\"@type\":\"ListItem\",\"position\":2,\"name\":\"Disponibilit\u00e9s et tarifs\"}]},{\"@type\":\"WebSite\",\"@id\":\"https:\\\/\\\/lesgitesdebouxhmont.com\\\/#website\",\"url\":\"https:\\\/\\\/lesgitesdebouxhmont.com\\\/\",\"name\":\"Les g\u00eetes de Bouxhmont\",\"description\":\"\",\"potentialAction\":[{\"@type\":\"SearchAction\",\"target\":{\"@type\":\"EntryPoint\",\"urlTemplate\":\"https:\\\/\\\/lesgitesdebouxhmont.com\\\/?s={search_term_string}\"},\"query-input\":{\"@type\":\"PropertyValueSpecification\",\"valueRequired\":true,\"valueName\":\"search_term_string\"}}],\"inLanguage\":\"fr-FR\"}]}<\/script>\n<!-- \/ Yoast SEO plugin. -->","yoast_head_json":{"title":"Disponibilit\u00e9s et tarifs - Les g\u00eetes de Bouxhmont","robots":{"index":"index","follow":"follow","max-snippet":"max-snippet:-1","max-image-preview":"max-image-preview:large","max-video-preview":"max-video-preview:-1"},"canonical":"https:\/\/lesgitesdebouxhmont.com\/?page_id=99","og_locale":"fr_FR","og_type":"article","og_title":"Disponibilit\u00e9s et tarifs - Les g\u00eetes de Bouxhmont","og_description":"Le calendrier des disponibilit\u00e9s, les tarifs ainsi que le formulaire de r\u00e9servation sont disponibles via les liens d&rsquo;Accueil Champ\u00eatre, ci-dessous. Pour le g\u00eete:LE FOURNIL, capacit\u00e9 2 personnes, cliquez ICILE FENIL, capacit\u00e9 7 \u00e0 9 personnes, cliquez ICI POUR NOS AMIS NEERLANDAIS rendez-vous sur la page de Beaujean vacances en cliquant&nbsp;ICI","og_url":"https:\/\/lesgitesdebouxhmont.com\/?page_id=99","og_site_name":"Les g\u00eetes de Bouxhmont","article_publisher":"https:\/\/www.facebook.com\/Les-g%c3%aetes-de-Bouxhmont-111452740537296\/","article_modified_time":"2024-02-22T13:30:00+00:00","og_image":[{"width":1757,"height":975,"url":"https:\/\/lesgitesdebouxhmont.com\/wp-content\/uploads\/2020\/07\/gites4-e1642003433345.jpg","type":"image\/jpeg"}],"twitter_card":"summary_large_image","twitter_misc":{"Dur\u00e9e de lecture estim\u00e9e":"3 minutes"},"schema":{"@context":"https:\/\/schema.org","@graph":[{"@type":"WebPage","@id":"https:\/\/lesgitesdebouxhmont.com\/?page_id=99","url":"https:\/\/lesgitesdebouxhmont.com\/?page_id=99","name":"Disponibilit\u00e9s et tarifs - Les g\u00eetes de Bouxhmont","isPartOf":{"@id":"https:\/\/lesgitesdebouxhmont.com\/#website"},"primaryImageOfPage":{"@id":"https:\/\/lesgitesdebouxhmont.com\/?page_id=99#primaryimage"},"image":{"@id":"https:\/\/lesgitesdebouxhmont.com\/?page_id=99#primaryimage"},"thumbnailUrl":"https:\/\/lesgitesdebouxhmont.com\/wp-content\/uploads\/2020\/07\/gites4-e1642003433345.jpg","datePublished":"2020-06-25T14:49:46+00:00","dateModified":"2024-02-22T13:30:00+00:00","breadcrumb":{"@id":"https:\/\/lesgitesdebouxhmont.com\/?page_id=99#breadcrumb"},"inLanguage":"fr-FR","potentialAction":[{"@type":"ReadAction","target":["https:\/\/lesgitesdebouxhmont.com\/?page_id=99"]}]},{"@type":"ImageObject","inLanguage":"fr-FR","@id":"https:\/\/lesgitesdebouxhmont.com\/?page_id=99#primaryimage","url":"https:\/\/lesgitesdebouxhmont.com\/wp-content\/uploads\/2020\/07\/gites4-e1642003433345.jpg","contentUrl":"https:\/\/lesgitesdebouxhmont.com\/wp-content\/uploads\/2020\/07\/gites4-e1642003433345.jpg","width":1757,"height":975},{"@type":"BreadcrumbList","@id":"https:\/\/lesgitesdebouxhmont.com\/?page_id=99#breadcrumb","itemListElement":[{"@type":"ListItem","position":1,"name":"Accueil","item":"https:\/\/lesgitesdebouxhmont.com\/"},{"@type":"ListItem","position":2,"name":"Disponibilit\u00e9s et tarifs"}]},{"@type":"WebSite","@id":"https:\/\/lesgitesdebouxhmont.com\/#website","url":"https:\/\/lesgitesdebouxhmont.com\/","name":"Les g\u00eetes de Bouxhmont","description":"","potentialAction":[{"@type":"SearchAction","target":{"@type":"EntryPoint","urlTemplate":"https:\/\/lesgitesdebouxhmont.com\/?s={search_term_string}"},"query-input":{"@type":"PropertyValueSpecification","valueRequired":true,"valueName":"search_term_string"}}],"inLanguage":"fr-FR"}]}},"_links":{"self":[{"href":"https:\/\/lesgitesdebouxhmont.com\/index.php?rest_route=\/wp\/v2\/pages\/99","targetHints":{"allow":["GET"]}}],"collection":[{"href":"https:\/\/lesgitesdebouxhmont.com\/index.php?rest_route=\/wp\/v2\/pages"}],"about":[{"href":"https:\/\/lesgitesdebouxhmont.com\/index.php?rest_route=\/wp\/v2\/types\/page"}],"author":[{"embeddable":true,"href":"https:\/\/lesgitesdebouxhmont.com\/index.php?rest_route=\/wp\/v2\/users\/1"}],"replies":[{"embeddable":true,"href":"https:\/\/lesgitesdebouxhmont.com\/index.php?rest_route=%2Fwp%2Fv2%2Fcomments&post=99"}],"version-history":[{"count":26,"href":"https:\/\/lesgitesdebouxhmont.com\/index.php?rest_route=\/wp\/v2\/pages\/99\/revisions"}],"predecessor-version":[{"id":1154,"href":"https:\/\/lesgitesdebouxhmont.com\/index.php?rest_route=\/wp\/v2\/pages\/99\/revisions\/1154"}],"wp:featuredmedia":[{"embeddable":true,"href":"https:\/\/lesgitesdebouxhmont.com\/index.php?rest_route=\/wp\/v2\/media\/578"}],"wp:attachment":[{"href":"https:\/\/lesgitesdebouxhmont.com\/index.php?rest_route=%2Fwp%2Fv2%2Fmedia&parent=99"}],"curies":[{"name":"wp","href":"https:\/\/api.w.org\/{rel}","templated":true}]}}