{"id":61,"date":"2020-06-24T09:18:45","date_gmt":"2020-06-24T09:18:45","guid":{"rendered":"http:\/\/lesgitesdebouxhmont.com\/?page_id=61"},"modified":"2021-09-14T08:41:50","modified_gmt":"2021-09-14T08:41:50","slug":"gite-le-fournil","status":"publish","type":"page","link":"https:\/\/lesgitesdebouxhmont.com\/?page_id=61","title":{"rendered":"G\u00eete: Le Fournil"},"content":{"rendered":"\n<h2 class=\"has-text-align-center has-suki-color-3-color has-text-color wp-block-heading\">G\u00eete: Le Fournil avec JACUZZI<\/h2>\n\n\n\n<h3 class=\"has-text-align-center has-suki-color-3-color has-text-color wp-block-heading\">Pour 2 personnes<\/h3>\n\n\n\n<div style=\"height:20px\" aria-hidden=\"true\" class=\"wp-block-spacer\"><\/div>\n\n\n\n<div style=\"height:20px\" aria-hidden=\"true\" class=\"wp-block-spacer\"><\/div>\n\n\n\n<figure class=\"wp-block-gallery alignwide columns-3 is-cropped wp-block-gallery-1 is-layout-flex wp-block-gallery-is-layout-flex\"><ul class=\"blocks-gallery-grid\"><li class=\"blocks-gallery-item\"><figure><img loading=\"lazy\" decoding=\"async\" width=\"1024\" height=\"576\" src=\"https:\/\/lesgitesdebouxhmont.com\/wp-content\/uploads\/2020\/06\/23062020-GiteOsmoTest-5-1024x576.jpg\" alt=\"\" data-id=\"87\" data-full-url=\"https:\/\/lesgitesdebouxhmont.com\/wp-content\/uploads\/2020\/06\/23062020-GiteOsmoTest-5-scaled.jpg\" data-link=\"https:\/\/lesgitesdebouxhmont.com\/gite-le-fournil\/23062020-giteosmotest-5\/\" class=\"wp-image-87\" srcset=\"https:\/\/lesgitesdebouxhmont.com\/wp-content\/uploads\/2020\/06\/23062020-GiteOsmoTest-5-1024x576.jpg 1024w, https:\/\/lesgitesdebouxhmont.com\/wp-content\/uploads\/2020\/06\/23062020-GiteOsmoTest-5-300x169.jpg 300w, https:\/\/lesgitesdebouxhmont.com\/wp-content\/uploads\/2020\/06\/23062020-GiteOsmoTest-5-768x432.jpg 768w, https:\/\/lesgitesdebouxhmont.com\/wp-content\/uploads\/2020\/06\/23062020-GiteOsmoTest-5-1536x864.jpg 1536w, https:\/\/lesgitesdebouxhmont.com\/wp-content\/uploads\/2020\/06\/23062020-GiteOsmoTest-5-2048x1152.jpg 2048w\" sizes=\"auto, (max-width: 1024px) 100vw, 1024px\" \/><\/figure><\/li><li class=\"blocks-gallery-item\"><figure><img loading=\"lazy\" decoding=\"async\" width=\"1024\" height=\"576\" src=\"https:\/\/lesgitesdebouxhmont.com\/wp-content\/uploads\/2020\/06\/23062020-GiteOsmoTest-7-1024x576.jpg\" alt=\"\" data-id=\"90\" data-full-url=\"https:\/\/lesgitesdebouxhmont.com\/wp-content\/uploads\/2020\/06\/23062020-GiteOsmoTest-7-scaled.jpg\" data-link=\"https:\/\/lesgitesdebouxhmont.com\/gite-le-fournil\/23062020-giteosmotest-7\/\" class=\"wp-image-90\" srcset=\"https:\/\/lesgitesdebouxhmont.com\/wp-content\/uploads\/2020\/06\/23062020-GiteOsmoTest-7-1024x576.jpg 1024w, https:\/\/lesgitesdebouxhmont.com\/wp-content\/uploads\/2020\/06\/23062020-GiteOsmoTest-7-300x169.jpg 300w, https:\/\/lesgitesdebouxhmont.com\/wp-content\/uploads\/2020\/06\/23062020-GiteOsmoTest-7-768x432.jpg 768w, https:\/\/lesgitesdebouxhmont.com\/wp-content\/uploads\/2020\/06\/23062020-GiteOsmoTest-7-1536x864.jpg 1536w, https:\/\/lesgitesdebouxhmont.com\/wp-content\/uploads\/2020\/06\/23062020-GiteOsmoTest-7-2048x1152.jpg 2048w\" sizes=\"auto, (max-width: 1024px) 100vw, 1024px\" \/><\/figure><\/li><li class=\"blocks-gallery-item\"><figure><img loading=\"lazy\" decoding=\"async\" width=\"1024\" height=\"576\" src=\"https:\/\/lesgitesdebouxhmont.com\/wp-content\/uploads\/2020\/06\/23062020-GiteOsmoTest-10-1024x576.jpg\" alt=\"\" data-id=\"89\" data-full-url=\"https:\/\/lesgitesdebouxhmont.com\/wp-content\/uploads\/2020\/06\/23062020-GiteOsmoTest-10-scaled.jpg\" data-link=\"https:\/\/lesgitesdebouxhmont.com\/gite-le-fournil\/dcim100mediadji_0115-jpg\/\" class=\"wp-image-89\" srcset=\"https:\/\/lesgitesdebouxhmont.com\/wp-content\/uploads\/2020\/06\/23062020-GiteOsmoTest-10-1024x576.jpg 1024w, https:\/\/lesgitesdebouxhmont.com\/wp-content\/uploads\/2020\/06\/23062020-GiteOsmoTest-10-300x169.jpg 300w, https:\/\/lesgitesdebouxhmont.com\/wp-content\/uploads\/2020\/06\/23062020-GiteOsmoTest-10-768x432.jpg 768w, https:\/\/lesgitesdebouxhmont.com\/wp-content\/uploads\/2020\/06\/23062020-GiteOsmoTest-10-1536x864.jpg 1536w, https:\/\/lesgitesdebouxhmont.com\/wp-content\/uploads\/2020\/06\/23062020-GiteOsmoTest-10-2048x1152.jpg 2048w\" sizes=\"auto, (max-width: 1024px) 100vw, 1024px\" \/><figcaption class=\"blocks-gallery-item__caption\">DCIM100MEDIADJI_0115.JPG<\/figcaption><\/figure><\/li><\/ul><\/figure>\n\n\n\n<div style=\"height:20px\" aria-hidden=\"true\" class=\"wp-block-spacer\"><\/div>\n\n\n\n<p class=\"has-suki-color-7-color has-suki-color-3-background-color has-text-color has-background has-medium-font-size\">Situ\u00e9 dans un \u00e9crin de verdure et de tranquillit\u00e9. En pleine campagne mais tout en restant proche des acc\u00e8s routiers et autres activit\u00e9s.<br>Ce g\u00eete  avec <em><strong><span style=\"text-decoration: underline;\">JACUZZI<\/span><\/strong><\/em> est l&rsquo;endroit id\u00e9al pour passer un agr\u00e9able s\u00e9jour en amoureux.<\/p>\n\n\n\n<h2 class=\"has-text-align-center has-suki-color-3-color has-text-color wp-block-heading\"><strong>Description du g\u00eete<\/strong><\/h2>\n\n\n\n<div class=\"wp-block-media-text alignwide is-stacked-on-mobile\"><figure class=\"wp-block-media-text__media\"><video controls src=\"https:\/\/lesgitesdebouxhmont.com\/wp-content\/uploads\/2020\/07\/Lefournilliving.mp4\"><\/video><\/figure><div class=\"wp-block-media-text__content\">\n<div class=\"wp-block-group\"><div class=\"wp-block-group__inner-container is-layout-flow wp-block-group-is-layout-flow\">\n<p class=\"has-suki-color-7-color has-suki-color-3-background-color has-text-color has-background has-medium-font-size\">Maison 1 chambre<br>Terrasse et jardin<br>Parking priv\u00e9<br>Capacit\u00e9 2 personnes<\/p>\n<\/div><\/div>\n\n\n\n<p><\/p>\n\n\n\n<div class=\"wp-block-group\"><div class=\"wp-block-group__inner-container is-layout-flow wp-block-group-is-layout-flow\">\n<h3 class=\"has-suki-color-3-color has-text-color wp-block-heading\">Rez de chauss\u00e9e<\/h3>\n<\/div><\/div>\n\n\n\n<p><\/p>\n\n\n\n<div class=\"wp-block-group\"><div class=\"wp-block-group__inner-container is-layout-flow wp-block-group-is-layout-flow\">\n<p class=\"has-suki-color-7-color has-suki-color-3-background-color has-text-color has-background has-medium-font-size\">Living: salon\/salle \u00e0 manger <\/p>\n<\/div><\/div>\n\n\n\n<p><\/p>\n<\/div><\/div>\n\n\n\n<div class=\"wp-block-group alignwide\"><div class=\"wp-block-group__inner-container is-layout-flow wp-block-group-is-layout-flow\">\n<div class=\"wp-block-media-text alignwide has-media-on-the-right is-stacked-on-mobile\"><figure class=\"wp-block-media-text__media\"><video controls src=\"https:\/\/lesgitesdebouxhmont.com\/wp-content\/uploads\/2020\/07\/le-fournil-cuisine.mp4\"><\/video><\/figure><div class=\"wp-block-media-text__content\">\n<div class=\"wp-block-group\"><div class=\"wp-block-group__inner-container is-layout-flow wp-block-group-is-layout-flow\">\n<h2 class=\"has-suki-color-3-color has-text-color wp-block-heading\">Cuisine \u00e9quip\u00e9e<\/h2>\n<\/div><\/div>\n\n\n\n<div class=\"wp-block-group\"><div class=\"wp-block-group__inner-container is-layout-flow wp-block-group-is-layout-flow\">\n<div class=\"wp-block-group has-suki-color-7-color has-suki-color-3-background-color has-text-color has-background\"><div class=\"wp-block-group__inner-container is-layout-flow wp-block-group-is-layout-flow\">\n<ul class=\"has-medium-font-size wp-block-list\"><li>Plaque \u00e0 induction<\/li><li>Four<\/li><li>Four micro onde<\/li><li>R\u00e9frig\u00e9rateur<\/li><li>Machine \u00e0 caf\u00e9 Nespresso<\/li><\/ul>\n<\/div><\/div>\n<\/div><\/div>\n<\/div><\/div>\n<\/div><\/div>\n\n\n\n<div class=\"wp-block-media-text alignwide is-stacked-on-mobile\"><figure class=\"wp-block-media-text__media\"><video controls src=\"https:\/\/lesgitesdebouxhmont.com\/wp-content\/uploads\/2020\/07\/Salle-de-bain-Fournil.mp4\"><\/video><\/figure><div class=\"wp-block-media-text__content\">\n<div class=\"wp-block-group has-suki-color-7-color has-text-color\"><div class=\"wp-block-group__inner-container is-layout-flow wp-block-group-is-layout-flow\">\n<h3 class=\"has-suki-color-3-color has-text-color wp-block-heading\">La salle de bain<\/h3>\n<\/div><\/div>\n\n\n\n<div class=\"wp-block-group has-suki-color-7-color has-suki-color-3-background-color has-text-color has-background\"><div class=\"wp-block-group__inner-container is-layout-flow wp-block-group-is-layout-flow\">\n<ul class=\"has-medium-font-size wp-block-list\"><li>Lavabo<\/li><li>Douche<\/li><li>WC ind\u00e9pendant<\/li><\/ul>\n<\/div><\/div>\n<\/div><\/div>\n\n\n\n<h2 class=\"has-text-align-center has-suki-color-3-color has-text-color wp-block-heading\">La chambre \u00e0 coucher<\/h2>\n\n\n\n<div style=\"height:20px\" aria-hidden=\"true\" class=\"wp-block-spacer\"><\/div>\n\n\n\n<figure class=\"wp-block-gallery columns-2 is-cropped wp-block-gallery-2 is-layout-flex wp-block-gallery-is-layout-flex\"><ul class=\"blocks-gallery-grid\"><li class=\"blocks-gallery-item\"><figure><img loading=\"lazy\" decoding=\"async\" width=\"1024\" height=\"576\" src=\"https:\/\/lesgitesdebouxhmont.com\/wp-content\/uploads\/2020\/07\/107993154_368950604285159_306897066785261413_n-1024x576.jpg\" alt=\"\" data-id=\"574\" data-full-url=\"https:\/\/lesgitesdebouxhmont.com\/wp-content\/uploads\/2020\/07\/107993154_368950604285159_306897066785261413_n.jpg\" data-link=\"https:\/\/lesgitesdebouxhmont.com\/gite-le-fournil\/107993154_368950604285159_306897066785261413_n\/\" class=\"wp-image-574\" srcset=\"https:\/\/lesgitesdebouxhmont.com\/wp-content\/uploads\/2020\/07\/107993154_368950604285159_306897066785261413_n-1024x576.jpg 1024w, https:\/\/lesgitesdebouxhmont.com\/wp-content\/uploads\/2020\/07\/107993154_368950604285159_306897066785261413_n-300x169.jpg 300w, https:\/\/lesgitesdebouxhmont.com\/wp-content\/uploads\/2020\/07\/107993154_368950604285159_306897066785261413_n-768x432.jpg 768w, https:\/\/lesgitesdebouxhmont.com\/wp-content\/uploads\/2020\/07\/107993154_368950604285159_306897066785261413_n-1536x864.jpg 1536w, https:\/\/lesgitesdebouxhmont.com\/wp-content\/uploads\/2020\/07\/107993154_368950604285159_306897066785261413_n.jpg 2048w\" sizes=\"auto, (max-width: 1024px) 100vw, 1024px\" \/><\/figure><\/li><li class=\"blocks-gallery-item\"><figure><img loading=\"lazy\" decoding=\"async\" width=\"1024\" height=\"576\" src=\"https:\/\/lesgitesdebouxhmont.com\/wp-content\/uploads\/2020\/07\/108612441_852534061942387_1969674745996285393_n-1024x576.jpg\" alt=\"\" data-id=\"586\" data-full-url=\"https:\/\/lesgitesdebouxhmont.com\/wp-content\/uploads\/2020\/07\/108612441_852534061942387_1969674745996285393_n.jpg\" data-link=\"https:\/\/lesgitesdebouxhmont.com\/gite-le-fournil\/108612441_852534061942387_1969674745996285393_n\/\" class=\"wp-image-586\" srcset=\"https:\/\/lesgitesdebouxhmont.com\/wp-content\/uploads\/2020\/07\/108612441_852534061942387_1969674745996285393_n-1024x576.jpg 1024w, https:\/\/lesgitesdebouxhmont.com\/wp-content\/uploads\/2020\/07\/108612441_852534061942387_1969674745996285393_n-300x169.jpg 300w, https:\/\/lesgitesdebouxhmont.com\/wp-content\/uploads\/2020\/07\/108612441_852534061942387_1969674745996285393_n-768x432.jpg 768w, https:\/\/lesgitesdebouxhmont.com\/wp-content\/uploads\/2020\/07\/108612441_852534061942387_1969674745996285393_n-1536x864.jpg 1536w, https:\/\/lesgitesdebouxhmont.com\/wp-content\/uploads\/2020\/07\/108612441_852534061942387_1969674745996285393_n.jpg 2048w\" sizes=\"auto, (max-width: 1024px) 100vw, 1024px\" \/><\/figure><\/li><\/ul><\/figure>\n\n\n\n<h2 class=\"wp-block-heading\"><\/h2>\n\n\n\n<div class=\"wp-block-group\"><div class=\"wp-block-group__inner-container is-layout-flow wp-block-group-is-layout-flow\">\n<div class=\"wp-block-buttons is-layout-flex wp-block-buttons-is-layout-flex\">\n<div class=\"wp-block-button\"><a class=\"wp-block-button__link has-suki-color-7-color has-suki-color-5-background-color has-text-color has-background\" href=\"https:\/\/www.accueilchampetre.be\/fr\/search\/node\/Les%20g%C3%AEtes%20de%20Bouxhmont\" target=\"_blank\" rel=\"noreferrer noopener\">R\u00e9servez maintenant<\/a><\/div>\n<\/div>\n<\/div><\/div>\n\n\n\n<hr class=\"wp-block-separator has-text-color has-background has-suki-color-6-background-color has-suki-color-6-color is-style-wide\"\/>\n\n\n\n<h2 class=\"has-text-align-center has-suki-color-6-color has-text-color wp-block-heading\">Nos petits plus<\/h2>\n\n\n\n<div class=\"wp-block-columns is-layout-flex wp-container-core-columns-is-layout-9d6595d7 wp-block-columns-is-layout-flex\">\n<div class=\"wp-block-column is-layout-flow wp-block-column-is-layout-flow\">\n<figure class=\"wp-block-image size-large is-style-rounded\"><img decoding=\"async\" src=\"https:\/\/lesgitesdebouxhmont.com\/wp-content\/uploads\/2020\/10\/12241-1-1024x768.jpg\" alt=\"\" class=\"wp-image-669\"\/><\/figure>\n<\/div>\n\n\n\n<div class=\"wp-block-column is-layout-flow wp-block-column-is-layout-flow\">\n<p class=\"has-text-align-center\" style=\"font-size:22px\">Petit d\u00e9jeuner du dimanche<\/p>\n\n\n\n<p class=\"has-text-align-center has-suki-color-6-color has-suki-color-7-background-color has-text-color has-background\" style=\"font-size:14px\">Commandez le <span style=\"text-decoration: underline;\"><strong><em>mercredi<\/em><\/strong> <\/span>votre petit d\u00e9jeuner du dimanche et vous le trouverez d\u00e8s votre r\u00e9veil \u00e0 votre porte.<br>Profitez de celui-ci sur votre terrasse et commencez ainsi une superbe journ\u00e9e.<br><strong>Prix: 8\u20ac par personne<\/strong><\/p>\n<\/div>\n<\/div>\n\n\n\n<hr class=\"wp-block-separator\"\/>\n\n\n\n<div class=\"wp-block-columns is-layout-flex wp-container-core-columns-is-layout-9d6595d7 wp-block-columns-is-layout-flex\">\n<div class=\"wp-block-column is-layout-flow wp-block-column-is-layout-flow\">\n<figure class=\"wp-block-image size-large is-resized is-style-default\"><img loading=\"lazy\" decoding=\"async\" src=\"https:\/\/lesgitesdebouxhmont.com\/wp-content\/uploads\/2020\/10\/massage-e1603978791918.jpg\" alt=\"\" class=\"wp-image-676\" width=\"150\" height=\"307\"\/><\/figure>\n\n\n\n<p class=\"has-text-align-left has-suki-color-8-color has-text-color\" style=\"font-size:12px\"><span style=\"text-decoration: underline;\"><a href=\"https:\/\/www.facebook.com\/DBEDofficiel\/\" target=\"_blank\" rel=\"noreferrer noopener\">https:\/\/www.facebook.com\/DBEDofficiel\/<\/a><\/span><\/p>\n<\/div>\n\n\n\n<div class=\"wp-block-column is-layout-flow wp-block-column-is-layout-flow\">\n<p class=\"has-text-align-center has-medium-font-size\">Bien-\u00eatre &amp; d\u00e9tente<\/p>\n\n\n\n<p class=\"has-text-align-center has-small-font-size\">Vous r\u00eavez d\u2019\u00e9vasion, de douceur, de relaxation, de l\u00e2cher prise, de bien-\u00eatre et d\u00e9tente ?<\/p>\n\n\n\n<p class=\"has-text-align-center\" style=\"font-size:14px\">Offrez-vous les services de:<\/p>\n\n\n\n<p class=\"has-text-align-center\" style=\"font-size:14px\"><strong>Destination bien-\u00eatre &amp; d\u00e9tente<br>Massage \u00e0 domicile<br>uniquement sur rendez-vous<\/strong><\/p>\n\n\n\n<p class=\"has-text-align-center has-suki-color-8-color has-text-color\">Anne Horten<br>0460\/97.20.63<br><a rel=\"noreferrer noopener\" href=\"http:\/\/www.dbed.be\/\" target=\"_blank\"><span style=\"text-decoration: underline;\">info@dbed.be<\/span><\/a><br><span style=\"text-decoration: underline;\"><a rel=\"noreferrer noopener\" href=\"http:\/\/www.dbed.be\/\" target=\"_blank\">www.dbed.be<\/a><\/span><br><\/p>\n<\/div>\n<\/div>\n\n\n\n<p><\/p>\n","protected":false},"excerpt":{"rendered":"<p>G\u00eete: Le Fournil avec JACUZZI Pour 2 personnes Situ\u00e9 dans un \u00e9crin de verdure et de tranquillit\u00e9. En pleine campagne mais tout en restant proche des acc\u00e8s routiers et autres activit\u00e9s.Ce g\u00eete avec JACUZZI est l&rsquo;endroit id\u00e9al pour passer un agr\u00e9able s\u00e9jour en amoureux. Description du g\u00eete Cuisine \u00e9quip\u00e9e Plaque \u00e0 induction Four Four micro &hellip;<\/p>\n","protected":false},"author":1,"featured_media":575,"parent":0,"menu_order":0,"comment_status":"closed","ping_status":"closed","template":"","meta":{"_monsterinsights_skip_tracking":false,"_monsterinsights_sitenote_active":false,"_monsterinsights_sitenote_note":"","_monsterinsights_sitenote_category":0,"footnotes":""},"class_list":["post-61","page","type-page","status-publish","has-post-thumbnail","hentry"],"yoast_head":"<!-- This site is optimized with the Yoast SEO plugin v27.5 - https:\/\/yoast.com\/product\/yoast-seo-wordpress\/ -->\n<title>G\u00eete: Le Fournil - Les g\u00eetes de Bouxhmont<\/title>\n<meta name=\"robots\" content=\"index, follow, max-snippet:-1, max-image-preview:large, max-video-preview:-1\" \/>\n<link rel=\"canonical\" href=\"https:\/\/lesgitesdebouxhmont.com\/?page_id=61\" \/>\n<meta property=\"og:locale\" content=\"fr_FR\" \/>\n<meta property=\"og:type\" content=\"article\" \/>\n<meta property=\"og:title\" content=\"G\u00eete: Le Fournil - Les g\u00eetes de Bouxhmont\" \/>\n<meta property=\"og:description\" content=\"G\u00eete: Le Fournil avec JACUZZI Pour 2 personnes Situ\u00e9 dans un \u00e9crin de verdure et de tranquillit\u00e9. En pleine campagne mais tout en restant proche des acc\u00e8s routiers et autres activit\u00e9s.Ce g\u00eete avec JACUZZI est l&rsquo;endroit id\u00e9al pour passer un agr\u00e9able s\u00e9jour en amoureux. Description du g\u00eete Cuisine \u00e9quip\u00e9e Plaque \u00e0 induction Four Four micro &hellip;\" \/>\n<meta property=\"og:url\" content=\"https:\/\/lesgitesdebouxhmont.com\/?page_id=61\" \/>\n<meta property=\"og:site_name\" content=\"Les g\u00eetes de Bouxhmont\" \/>\n<meta property=\"article:publisher\" content=\"https:\/\/www.facebook.com\/Les-g%c3%aetes-de-Bouxhmont-111452740537296\/\" \/>\n<meta property=\"article:modified_time\" content=\"2021-09-14T08:41:50+00:00\" \/>\n<meta property=\"og:image\" content=\"https:\/\/lesgitesdebouxhmont.com\/wp-content\/uploads\/2020\/07\/gites1-e1594740143542.jpg\" \/>\n\t<meta property=\"og:image:width\" content=\"1732\" \/>\n\t<meta property=\"og:image:height\" content=\"827\" \/>\n\t<meta property=\"og:image:type\" content=\"image\/jpeg\" \/>\n<meta name=\"twitter:card\" content=\"summary_large_image\" \/>\n<meta name=\"twitter:label1\" content=\"Dur\u00e9e de lecture estim\u00e9e\" \/>\n\t<meta name=\"twitter:data1\" content=\"3 minutes\" \/>\n<script type=\"application\/ld+json\" class=\"yoast-schema-graph\">{\"@context\":\"https:\\\/\\\/schema.org\",\"@graph\":[{\"@type\":\"WebPage\",\"@id\":\"https:\\\/\\\/lesgitesdebouxhmont.com\\\/?page_id=61\",\"url\":\"https:\\\/\\\/lesgitesdebouxhmont.com\\\/?page_id=61\",\"name\":\"G\u00eete: Le Fournil - Les g\u00eetes de Bouxhmont\",\"isPartOf\":{\"@id\":\"https:\\\/\\\/lesgitesdebouxhmont.com\\\/#website\"},\"primaryImageOfPage\":{\"@id\":\"https:\\\/\\\/lesgitesdebouxhmont.com\\\/?page_id=61#primaryimage\"},\"image\":{\"@id\":\"https:\\\/\\\/lesgitesdebouxhmont.com\\\/?page_id=61#primaryimage\"},\"thumbnailUrl\":\"https:\\\/\\\/lesgitesdebouxhmont.com\\\/wp-content\\\/uploads\\\/2020\\\/07\\\/gites1-e1594740143542.jpg\",\"datePublished\":\"2020-06-24T09:18:45+00:00\",\"dateModified\":\"2021-09-14T08:41:50+00:00\",\"breadcrumb\":{\"@id\":\"https:\\\/\\\/lesgitesdebouxhmont.com\\\/?page_id=61#breadcrumb\"},\"inLanguage\":\"fr-FR\",\"potentialAction\":[{\"@type\":\"ReadAction\",\"target\":[\"https:\\\/\\\/lesgitesdebouxhmont.com\\\/?page_id=61\"]}]},{\"@type\":\"ImageObject\",\"inLanguage\":\"fr-FR\",\"@id\":\"https:\\\/\\\/lesgitesdebouxhmont.com\\\/?page_id=61#primaryimage\",\"url\":\"https:\\\/\\\/lesgitesdebouxhmont.com\\\/wp-content\\\/uploads\\\/2020\\\/07\\\/gites1-e1594740143542.jpg\",\"contentUrl\":\"https:\\\/\\\/lesgitesdebouxhmont.com\\\/wp-content\\\/uploads\\\/2020\\\/07\\\/gites1-e1594740143542.jpg\",\"width\":1732,\"height\":827},{\"@type\":\"BreadcrumbList\",\"@id\":\"https:\\\/\\\/lesgitesdebouxhmont.com\\\/?page_id=61#breadcrumb\",\"itemListElement\":[{\"@type\":\"ListItem\",\"position\":1,\"name\":\"Accueil\",\"item\":\"https:\\\/\\\/lesgitesdebouxhmont.com\\\/\"},{\"@type\":\"ListItem\",\"position\":2,\"name\":\"G\u00eete: Le Fournil\"}]},{\"@type\":\"WebSite\",\"@id\":\"https:\\\/\\\/lesgitesdebouxhmont.com\\\/#website\",\"url\":\"https:\\\/\\\/lesgitesdebouxhmont.com\\\/\",\"name\":\"Les g\u00eetes de Bouxhmont\",\"description\":\"\",\"potentialAction\":[{\"@type\":\"SearchAction\",\"target\":{\"@type\":\"EntryPoint\",\"urlTemplate\":\"https:\\\/\\\/lesgitesdebouxhmont.com\\\/?s={search_term_string}\"},\"query-input\":{\"@type\":\"PropertyValueSpecification\",\"valueRequired\":true,\"valueName\":\"search_term_string\"}}],\"inLanguage\":\"fr-FR\"}]}<\/script>\n<!-- \/ Yoast SEO plugin. -->","yoast_head_json":{"title":"G\u00eete: Le Fournil - Les g\u00eetes de Bouxhmont","robots":{"index":"index","follow":"follow","max-snippet":"max-snippet:-1","max-image-preview":"max-image-preview:large","max-video-preview":"max-video-preview:-1"},"canonical":"https:\/\/lesgitesdebouxhmont.com\/?page_id=61","og_locale":"fr_FR","og_type":"article","og_title":"G\u00eete: Le Fournil - Les g\u00eetes de Bouxhmont","og_description":"G\u00eete: Le Fournil avec JACUZZI Pour 2 personnes Situ\u00e9 dans un \u00e9crin de verdure et de tranquillit\u00e9. En pleine campagne mais tout en restant proche des acc\u00e8s routiers et autres activit\u00e9s.Ce g\u00eete avec JACUZZI est l&rsquo;endroit id\u00e9al pour passer un agr\u00e9able s\u00e9jour en amoureux. Description du g\u00eete Cuisine \u00e9quip\u00e9e Plaque \u00e0 induction Four Four micro &hellip;","og_url":"https:\/\/lesgitesdebouxhmont.com\/?page_id=61","og_site_name":"Les g\u00eetes de Bouxhmont","article_publisher":"https:\/\/www.facebook.com\/Les-g%c3%aetes-de-Bouxhmont-111452740537296\/","article_modified_time":"2021-09-14T08:41:50+00:00","og_image":[{"width":1732,"height":827,"url":"https:\/\/lesgitesdebouxhmont.com\/wp-content\/uploads\/2020\/07\/gites1-e1594740143542.jpg","type":"image\/jpeg"}],"twitter_card":"summary_large_image","twitter_misc":{"Dur\u00e9e de lecture estim\u00e9e":"3 minutes"},"schema":{"@context":"https:\/\/schema.org","@graph":[{"@type":"WebPage","@id":"https:\/\/lesgitesdebouxhmont.com\/?page_id=61","url":"https:\/\/lesgitesdebouxhmont.com\/?page_id=61","name":"G\u00eete: Le Fournil - Les g\u00eetes de Bouxhmont","isPartOf":{"@id":"https:\/\/lesgitesdebouxhmont.com\/#website"},"primaryImageOfPage":{"@id":"https:\/\/lesgitesdebouxhmont.com\/?page_id=61#primaryimage"},"image":{"@id":"https:\/\/lesgitesdebouxhmont.com\/?page_id=61#primaryimage"},"thumbnailUrl":"https:\/\/lesgitesdebouxhmont.com\/wp-content\/uploads\/2020\/07\/gites1-e1594740143542.jpg","datePublished":"2020-06-24T09:18:45+00:00","dateModified":"2021-09-14T08:41:50+00:00","breadcrumb":{"@id":"https:\/\/lesgitesdebouxhmont.com\/?page_id=61#breadcrumb"},"inLanguage":"fr-FR","potentialAction":[{"@type":"ReadAction","target":["https:\/\/lesgitesdebouxhmont.com\/?page_id=61"]}]},{"@type":"ImageObject","inLanguage":"fr-FR","@id":"https:\/\/lesgitesdebouxhmont.com\/?page_id=61#primaryimage","url":"https:\/\/lesgitesdebouxhmont.com\/wp-content\/uploads\/2020\/07\/gites1-e1594740143542.jpg","contentUrl":"https:\/\/lesgitesdebouxhmont.com\/wp-content\/uploads\/2020\/07\/gites1-e1594740143542.jpg","width":1732,"height":827},{"@type":"BreadcrumbList","@id":"https:\/\/lesgitesdebouxhmont.com\/?page_id=61#breadcrumb","itemListElement":[{"@type":"ListItem","position":1,"name":"Accueil","item":"https:\/\/lesgitesdebouxhmont.com\/"},{"@type":"ListItem","position":2,"name":"G\u00eete: Le Fournil"}]},{"@type":"WebSite","@id":"https:\/\/lesgitesdebouxhmont.com\/#website","url":"https:\/\/lesgitesdebouxhmont.com\/","name":"Les g\u00eetes de Bouxhmont","description":"","potentialAction":[{"@type":"SearchAction","target":{"@type":"EntryPoint","urlTemplate":"https:\/\/lesgitesdebouxhmont.com\/?s={search_term_string}"},"query-input":{"@type":"PropertyValueSpecification","valueRequired":true,"valueName":"search_term_string"}}],"inLanguage":"fr-FR"}]}},"_links":{"self":[{"href":"https:\/\/lesgitesdebouxhmont.com\/index.php?rest_route=\/wp\/v2\/pages\/61","targetHints":{"allow":["GET"]}}],"collection":[{"href":"https:\/\/lesgitesdebouxhmont.com\/index.php?rest_route=\/wp\/v2\/pages"}],"about":[{"href":"https:\/\/lesgitesdebouxhmont.com\/index.php?rest_route=\/wp\/v2\/types\/page"}],"author":[{"embeddable":true,"href":"https:\/\/lesgitesdebouxhmont.com\/index.php?rest_route=\/wp\/v2\/users\/1"}],"replies":[{"embeddable":true,"href":"https:\/\/lesgitesdebouxhmont.com\/index.php?rest_route=%2Fwp%2Fv2%2Fcomments&post=61"}],"version-history":[{"count":44,"href":"https:\/\/lesgitesdebouxhmont.com\/index.php?rest_route=\/wp\/v2\/pages\/61\/revisions"}],"predecessor-version":[{"id":898,"href":"https:\/\/lesgitesdebouxhmont.com\/index.php?rest_route=\/wp\/v2\/pages\/61\/revisions\/898"}],"wp:featuredmedia":[{"embeddable":true,"href":"https:\/\/lesgitesdebouxhmont.com\/index.php?rest_route=\/wp\/v2\/media\/575"}],"wp:attachment":[{"href":"https:\/\/lesgitesdebouxhmont.com\/index.php?rest_route=%2Fwp%2Fv2%2Fmedia&parent=61"}],"curies":[{"name":"wp","href":"https:\/\/api.w.org\/{rel}","templated":true}]}}