{"id":359,"date":"2020-07-02T12:30:18","date_gmt":"2020-07-02T12:30:18","guid":{"rendered":"https:\/\/lesgitesdebouxhmont.com\/?page_id=359"},"modified":"2021-10-13T09:51:13","modified_gmt":"2021-10-13T09:51:13","slug":"equipements","status":"publish","type":"page","link":"https:\/\/lesgitesdebouxhmont.com\/?page_id=359","title":{"rendered":"Liste d\u00e9taill\u00e9e des \u00e9quipements"},"content":{"rendered":"\n<h2 class=\"has-text-align-center has-suki-color-3-color has-text-color wp-block-heading\">Liste d\u00e9taill\u00e9e des \u00e9quipements<\/h2>\n\n\n\n<div class=\"wp-block-columns alignwide is-layout-flex wp-container-core-columns-is-layout-9d6595d7 wp-block-columns-is-layout-flex\">\n<div class=\"wp-block-column is-layout-flow wp-block-column-is-layout-flow\">\n<div class=\"wp-block-columns is-layout-flex wp-container-core-columns-is-layout-9d6595d7 wp-block-columns-is-layout-flex\">\n<div class=\"wp-block-column is-layout-flow wp-block-column-is-layout-flow\" style=\"flex-basis:33.33%\">\n<div class=\"wp-block-image\"><figure class=\"alignright size-full is-resized\"><img loading=\"lazy\" decoding=\"async\" src=\"https:\/\/lesgitesdebouxhmont.com\/wp-content\/uploads\/2021\/08\/parking.png\" alt=\"\" class=\"wp-image-724\" width=\"45\" height=\"45\"\/><\/figure><\/div>\n<\/div>\n\n\n\n<div class=\"wp-block-column is-layout-flow wp-block-column-is-layout-flow\" style=\"flex-basis:66.66%\">\n<h4 class=\"has-suki-color-3-color has-text-color wp-block-heading\"><strong>Parking<\/strong><\/h4>\n\n\n\n<p class=\"has-suki-color-6-color has-text-color has-small-font-size\">Un parking priv\u00e9 gratuit est disponible sur place.<\/p>\n<\/div>\n<\/div>\n\n\n\n<div class=\"wp-block-columns is-layout-flex wp-container-core-columns-is-layout-9d6595d7 wp-block-columns-is-layout-flex\">\n<div class=\"wp-block-column is-layout-flow wp-block-column-is-layout-flow\" style=\"flex-basis:33.33%\">\n<div class=\"wp-block-image\"><figure class=\"alignright size-large is-resized\"><img loading=\"lazy\" decoding=\"async\" src=\"http:\/\/lesgitesdebouxhmont.com\/wp-content\/uploads\/2020\/06\/wi-fi-1.png\" alt=\"\" class=\"wp-image-203\" width=\"45\" height=\"45\"\/><\/figure><\/div>\n\n\n\n<p><\/p>\n<\/div>\n\n\n\n<div class=\"wp-block-column is-layout-flow wp-block-column-is-layout-flow\" style=\"flex-basis:66.66%\">\n<h4 class=\"has-suki-color-3-color has-text-color wp-block-heading\">Internet<\/h4>\n\n\n\n<p class=\"has-suki-color-6-color has-text-color has-small-font-size\">Une connexion wifi est disponible dans tous les domaines et est gratuites.<\/p>\n<\/div>\n<\/div>\n\n\n\n<div class=\"wp-block-columns is-layout-flex wp-container-core-columns-is-layout-9d6595d7 wp-block-columns-is-layout-flex\">\n<div class=\"wp-block-column is-layout-flow wp-block-column-is-layout-flow\" style=\"flex-basis:33.33%\">\n<div class=\"wp-block-image\"><figure class=\"alignright size-large is-resized\"><img loading=\"lazy\" decoding=\"async\" src=\"http:\/\/lesgitesdebouxhmont.com\/wp-content\/uploads\/2020\/06\/cook-e1593697604592.png\" alt=\"\" class=\"wp-image-211\" width=\"45\" height=\"45\"\/><\/figure><\/div>\n<\/div>\n\n\n\n<div class=\"wp-block-column is-layout-flow wp-block-column-is-layout-flow\" style=\"flex-basis:66.66%\">\n<h4 class=\"has-suki-color-3-color has-text-color wp-block-heading\">Cuisine<\/h4>\n\n\n\n<ul class=\"wp-block-list\"><li>Table \u00e0 manger <\/li><li>Cafeti\u00e8re<\/li><li>Cuisini\u00e8re<\/li><li>Four <\/li><li>Four micro onde<\/li><li>Lave-vaisselle<\/li><li>R\u00e9frig\u00e9rateur<\/li><li>Ustensiles de cuisine<\/li><li>Appareil \u00e0 croque Monsieur<\/li><\/ul>\n\n\n\n<p><\/p>\n<\/div>\n<\/div>\n\n\n\n<div class=\"wp-block-columns is-layout-flex wp-container-core-columns-is-layout-9d6595d7 wp-block-columns-is-layout-flex\">\n<div class=\"wp-block-column is-layout-flow wp-block-column-is-layout-flow\" style=\"flex-basis:33.33%\">\n<div class=\"wp-block-image\"><figure class=\"alignright size-large is-resized\"><img loading=\"lazy\" decoding=\"async\" src=\"http:\/\/lesgitesdebouxhmont.com\/wp-content\/uploads\/2020\/07\/bathroom.png\" alt=\"\" class=\"wp-image-385\" width=\"45\" height=\"45\"\/><\/figure><\/div>\n<\/div>\n\n\n\n<div class=\"wp-block-column is-layout-flow wp-block-column-is-layout-flow\" style=\"flex-basis:66.66%\">\n<h4 class=\"has-suki-color-3-color has-text-color wp-block-heading\">Salle de bain<\/h4>\n\n\n\n<ul class=\"wp-block-list\"><li>Lavabo<\/li><li>Douche<\/li><li>Toilette<\/li><li>Papier toilette<\/li><li>S\u00e8che cheveux<\/li><\/ul>\n\n\n\n<ul class=\"wp-block-list\" id=\"block-4e242648-1f10-496e-b061-cca2a015c6a7\"><li>Machine \u00e0 laver<\/li><li>S\u00e8che-linge<\/li><li>Produits de nettoyage<\/li><li>Serviettes de bain<\/li><li>2 Peignoirs<\/li><\/ul>\n\n\n\n<p><\/p>\n<\/div>\n<\/div>\n\n\n\n<div class=\"wp-block-columns is-layout-flex wp-container-core-columns-is-layout-9d6595d7 wp-block-columns-is-layout-flex\">\n<div class=\"wp-block-column is-layout-flow wp-block-column-is-layout-flow\" style=\"flex-basis:33.33%\"><\/div>\n\n\n\n<div class=\"wp-block-column is-layout-flow wp-block-column-is-layout-flow\" style=\"flex-basis:66.66%\">\n<h4 class=\"has-suki-color-3-color has-text-color wp-block-heading\">\u00c9quipement rez-de-chauss\u00e9e<\/h4>\n\n\n\n<ul class=\"wp-block-list\"><li>Entr\u00e9e priv\u00e9e<\/li><li>Chauffage<\/li><li>Ventilateur<\/li><li>Climatisation<\/li><li>Installations de repassage<\/li><\/ul>\n<\/div>\n<\/div>\n\n\n\n<h2 class=\"wp-block-heading\"><\/h2>\n<\/div>\n\n\n\n<div class=\"wp-block-column is-layout-flow wp-block-column-is-layout-flow\">\n<div class=\"wp-block-columns is-layout-flex wp-container-core-columns-is-layout-9d6595d7 wp-block-columns-is-layout-flex\">\n<div class=\"wp-block-column is-layout-flow wp-block-column-is-layout-flow\" style=\"flex-basis:33.33%\">\n<div class=\"wp-block-image\"><figure class=\"alignright size-large is-resized\"><img loading=\"lazy\" decoding=\"async\" src=\"http:\/\/lesgitesdebouxhmont.com\/wp-content\/uploads\/2020\/06\/pattes.png\" alt=\"\" class=\"wp-image-207\" width=\"45\" height=\"45\"\/><\/figure><\/div>\n<\/div>\n\n\n\n<div class=\"wp-block-column is-layout-flow wp-block-column-is-layout-flow\" style=\"flex-basis:66.66%\">\n<h4 class=\"has-suki-color-3-color has-text-color wp-block-heading\">Animaux domestiques<\/h4>\n\n\n\n<p class=\"has-suki-color-6-color has-text-color has-small-font-size\">Les animaux sont admis. Pas de frais suppl\u00e9mentaires.<\/p>\n<\/div>\n<\/div>\n\n\n\n<div class=\"wp-block-columns is-layout-flex wp-container-core-columns-is-layout-9d6595d7 wp-block-columns-is-layout-flex\">\n<div class=\"wp-block-column is-layout-flow wp-block-column-is-layout-flow\" style=\"flex-basis:33.33%\">\n<div class=\"wp-block-image ul{ list-style: square;}\"><figure class=\"alignright size-large is-resized\"><img loading=\"lazy\" decoding=\"async\" src=\"http:\/\/lesgitesdebouxhmont.com\/wp-content\/uploads\/2020\/06\/bed-e1593173740788.png\" alt=\"\" class=\"wp-image-210\" width=\"45\" height=\"45\"\/><\/figure><\/div>\n<\/div>\n\n\n\n<div class=\"wp-block-column is-layout-flow wp-block-column-is-layout-flow\" style=\"flex-basis:66.66%\">\n<h4 class=\"has-suki-color-3-color has-text-color wp-block-heading\">Chambre \u00e0 coucher<\/h4>\n\n\n\n<ul class=\"wp-block-list\"><li>Lit<\/li><li>Linge de maison<\/li><li>Armoire ou penderie<\/li><li>Prise pr\u00e8s du lit<\/li><li>\u00c9tendoir pour v\u00eatements<\/li><li>Moustiquaire<\/li><li>Parquet<\/li><\/ul>\n<\/div>\n<\/div>\n\n\n\n<div class=\"wp-block-columns is-layout-flex wp-container-core-columns-is-layout-9d6595d7 wp-block-columns-is-layout-flex\">\n<div class=\"wp-block-column is-layout-flow wp-block-column-is-layout-flow\" style=\"flex-basis:33.33%\">\n<div class=\"wp-block-image\"><figure class=\"alignright size-large is-resized\"><img loading=\"lazy\" decoding=\"async\" src=\"http:\/\/lesgitesdebouxhmont.com\/wp-content\/uploads\/2020\/07\/icons8-canap\u00e9-64-2.png\" alt=\"\" class=\"wp-image-405\" width=\"45\" height=\"45\"\/><\/figure><\/div>\n<\/div>\n\n\n\n<div class=\"wp-block-column is-layout-flow wp-block-column-is-layout-flow\" style=\"flex-basis:66.66%\">\n<h4 class=\"has-suki-color-3-color has-text-color wp-block-heading\">Living<\/h4>\n\n\n\n<ul class=\"wp-block-list\"><li>Zone assise<\/li><li>Salle \u00e0 manger<\/li><\/ul>\n<\/div>\n<\/div>\n\n\n\n<div class=\"wp-block-columns is-layout-flex wp-container-core-columns-is-layout-9d6595d7 wp-block-columns-is-layout-flex\">\n<div class=\"wp-block-column is-layout-flow wp-block-column-is-layout-flow\" style=\"flex-basis:33.33%\">\n<div class=\"wp-block-image\"><figure class=\"alignright size-large\"><img decoding=\"async\" src=\"http:\/\/lesgitesdebouxhmont.com\/wp-content\/uploads\/2020\/07\/TV.png\" alt=\"\" class=\"wp-image-404\"\/><\/figure><\/div>\n<\/div>\n\n\n\n<div class=\"wp-block-column is-layout-flow wp-block-column-is-layout-flow\" style=\"flex-basis:66.66%\">\n<h4 class=\"has-suki-color-3-color has-text-color wp-block-heading\">M\u00e9dia et technologie<\/h4>\n\n\n\n<ul class=\"wp-block-list\"><li>T\u00e9l\u00e9 \u00e0 \u00e9cran plat<\/li><\/ul>\n\n\n\n<p><\/p>\n<\/div>\n<\/div>\n\n\n\n<div class=\"wp-block-columns is-layout-flex wp-container-core-columns-is-layout-9d6595d7 wp-block-columns-is-layout-flex\">\n<div class=\"wp-block-column is-layout-flow wp-block-column-is-layout-flow\" style=\"flex-basis:33.33%\">\n<div class=\"wp-block-image\"><figure class=\"alignright size-large is-resized\"><img loading=\"lazy\" decoding=\"async\" src=\"http:\/\/lesgitesdebouxhmont.com\/wp-content\/uploads\/2020\/06\/disabled-people-e1593180532539.png\" alt=\"\" class=\"wp-image-235\" width=\"45\" height=\"45\"\/><\/figure><\/div>\n<\/div>\n\n\n\n<div class=\"wp-block-column is-layout-flow wp-block-column-is-layout-flow\" style=\"flex-basis:66.66%\">\n<h4 class=\"has-suki-color-3-color has-text-color wp-block-heading\">Accessibilit\u00e9<\/h4>\n\n\n\n<p class=\"has-small-font-size\">\u00c9tages sup\u00e9rieurs accessibles uniquement par les escaliers.<\/p>\n<\/div>\n<\/div>\n\n\n\n<div class=\"wp-block-columns is-layout-flex wp-container-core-columns-is-layout-9d6595d7 wp-block-columns-is-layout-flex\">\n<div class=\"wp-block-column is-layout-flow wp-block-column-is-layout-flow\" style=\"flex-basis:33.33%\">\n<div class=\"wp-block-image\"><figure class=\"alignright size-large is-resized\"><img loading=\"lazy\" decoding=\"async\" src=\"http:\/\/lesgitesdebouxhmont.com\/wp-content\/uploads\/2020\/07\/icons8-jacuzzi-80-1.png\" alt=\"\" class=\"wp-image-402\" width=\"45\" height=\"45\"\/><\/figure><\/div>\n<\/div>\n\n\n\n<div class=\"wp-block-column is-layout-flow wp-block-column-is-layout-flow\" style=\"flex-basis:66.66%\">\n<h4 class=\"has-suki-color-3-color has-text-color wp-block-heading\">Installations de bien-\u00eatre<\/h4>\n\n\n\n<ul class=\"wp-block-list\"><li>Bain en plein air<\/li><li>Bain \u00e0 remous\/jacuzzi<\/li><li>Spa et centre de bien \u00eatre<\/li><\/ul>\n\n\n\n<p><\/p>\n<\/div>\n<\/div>\n\n\n\n<div class=\"wp-block-columns is-layout-flex wp-container-core-columns-is-layout-9d6595d7 wp-block-columns-is-layout-flex\">\n<div class=\"wp-block-column is-layout-flow wp-block-column-is-layout-flow\" style=\"flex-basis:33.33%\"><\/div>\n\n\n\n<div class=\"wp-block-column is-layout-flow wp-block-column-is-layout-flow\" style=\"flex-basis:66.66%\"><\/div>\n<\/div>\n<\/div>\n<\/div>\n\n\n\n<p class=\"has-text-align-center has-suki-color-3-color has-text-color\"><strong><a href=\"https:\/\/lesgitesdebouxhmont.com\/gite-le-fournil\/\">&lt;&lt;PAGE PR\u00c9C\u00c9DENTE<\/a><\/strong><\/p>\n","protected":false},"excerpt":{"rendered":"<p>Liste d\u00e9taill\u00e9e des \u00e9quipements Parking Un parking priv\u00e9 gratuit est disponible sur place. Internet Une connexion wifi est disponible dans tous les domaines et est gratuites. Cuisine Table \u00e0 manger Cafeti\u00e8re Cuisini\u00e8re Four Four micro onde Lave-vaisselle R\u00e9frig\u00e9rateur Ustensiles de cuisine Appareil \u00e0 croque Monsieur Salle de bain Lavabo Douche Toilette Papier toilette S\u00e8che cheveux &hellip;<\/p>\n","protected":false},"author":1,"featured_media":94,"parent":61,"menu_order":2,"comment_status":"closed","ping_status":"closed","template":"","meta":{"_monsterinsights_skip_tracking":false,"_monsterinsights_sitenote_active":false,"_monsterinsights_sitenote_note":"","_monsterinsights_sitenote_category":0,"footnotes":""},"class_list":["post-359","page","type-page","status-publish","has-post-thumbnail","hentry"],"yoast_head":"<!-- This site is optimized with the Yoast SEO plugin v27.4 - https:\/\/yoast.com\/product\/yoast-seo-wordpress\/ -->\n<title>Liste d\u00e9taill\u00e9e des \u00e9quipements - Les g\u00eetes de Bouxhmont<\/title>\n<meta name=\"robots\" content=\"index, follow, max-snippet:-1, max-image-preview:large, max-video-preview:-1\" \/>\n<link rel=\"canonical\" href=\"https:\/\/lesgitesdebouxhmont.com\/?page_id=359\" \/>\n<meta property=\"og:locale\" content=\"fr_FR\" \/>\n<meta property=\"og:type\" content=\"article\" \/>\n<meta property=\"og:title\" content=\"Liste d\u00e9taill\u00e9e des \u00e9quipements - Les g\u00eetes de Bouxhmont\" \/>\n<meta property=\"og:description\" content=\"Liste d\u00e9taill\u00e9e des \u00e9quipements Parking Un parking priv\u00e9 gratuit est disponible sur place. Internet Une connexion wifi est disponible dans tous les domaines et est gratuites. Cuisine Table \u00e0 manger Cafeti\u00e8re Cuisini\u00e8re Four Four micro onde Lave-vaisselle R\u00e9frig\u00e9rateur Ustensiles de cuisine Appareil \u00e0 croque Monsieur Salle de bain Lavabo Douche Toilette Papier toilette S\u00e8che cheveux &hellip;\" \/>\n<meta property=\"og:url\" content=\"https:\/\/lesgitesdebouxhmont.com\/?page_id=359\" \/>\n<meta property=\"og:site_name\" content=\"Les g\u00eetes de Bouxhmont\" \/>\n<meta property=\"article:publisher\" content=\"https:\/\/www.facebook.com\/Les-g%c3%aetes-de-Bouxhmont-111452740537296\/\" \/>\n<meta property=\"article:modified_time\" content=\"2021-10-13T09:51:13+00:00\" \/>\n<meta property=\"og:image\" content=\"https:\/\/lesgitesdebouxhmont.com\/wp-content\/uploads\/2020\/06\/23062020-GiteOsmoTest-6-2-scaled.jpg\" \/>\n\t<meta property=\"og:image:width\" content=\"2560\" \/>\n\t<meta property=\"og:image:height\" content=\"1440\" \/>\n\t<meta property=\"og:image:type\" content=\"image\/jpeg\" \/>\n<meta name=\"twitter:card\" content=\"summary_large_image\" \/>\n<meta name=\"twitter:label1\" content=\"Dur\u00e9e de lecture estim\u00e9e\" \/>\n\t<meta name=\"twitter:data1\" content=\"3 minutes\" \/>\n<script type=\"application\/ld+json\" class=\"yoast-schema-graph\">{\"@context\":\"https:\\\/\\\/schema.org\",\"@graph\":[{\"@type\":\"WebPage\",\"@id\":\"https:\\\/\\\/lesgitesdebouxhmont.com\\\/?page_id=359\",\"url\":\"https:\\\/\\\/lesgitesdebouxhmont.com\\\/?page_id=359\",\"name\":\"Liste d\u00e9taill\u00e9e des \u00e9quipements - Les g\u00eetes de Bouxhmont\",\"isPartOf\":{\"@id\":\"https:\\\/\\\/lesgitesdebouxhmont.com\\\/#website\"},\"primaryImageOfPage\":{\"@id\":\"https:\\\/\\\/lesgitesdebouxhmont.com\\\/?page_id=359#primaryimage\"},\"image\":{\"@id\":\"https:\\\/\\\/lesgitesdebouxhmont.com\\\/?page_id=359#primaryimage\"},\"thumbnailUrl\":\"https:\\\/\\\/lesgitesdebouxhmont.com\\\/wp-content\\\/uploads\\\/2020\\\/06\\\/23062020-GiteOsmoTest-6-2-scaled.jpg\",\"datePublished\":\"2020-07-02T12:30:18+00:00\",\"dateModified\":\"2021-10-13T09:51:13+00:00\",\"breadcrumb\":{\"@id\":\"https:\\\/\\\/lesgitesdebouxhmont.com\\\/?page_id=359#breadcrumb\"},\"inLanguage\":\"fr-FR\",\"potentialAction\":[{\"@type\":\"ReadAction\",\"target\":[\"https:\\\/\\\/lesgitesdebouxhmont.com\\\/?page_id=359\"]}]},{\"@type\":\"ImageObject\",\"inLanguage\":\"fr-FR\",\"@id\":\"https:\\\/\\\/lesgitesdebouxhmont.com\\\/?page_id=359#primaryimage\",\"url\":\"https:\\\/\\\/lesgitesdebouxhmont.com\\\/wp-content\\\/uploads\\\/2020\\\/06\\\/23062020-GiteOsmoTest-6-2-scaled.jpg\",\"contentUrl\":\"https:\\\/\\\/lesgitesdebouxhmont.com\\\/wp-content\\\/uploads\\\/2020\\\/06\\\/23062020-GiteOsmoTest-6-2-scaled.jpg\",\"width\":2560,\"height\":1440,\"caption\":\"G\u00eete: LE FOURNIL\"},{\"@type\":\"BreadcrumbList\",\"@id\":\"https:\\\/\\\/lesgitesdebouxhmont.com\\\/?page_id=359#breadcrumb\",\"itemListElement\":[{\"@type\":\"ListItem\",\"position\":1,\"name\":\"Accueil\",\"item\":\"https:\\\/\\\/lesgitesdebouxhmont.com\\\/\"},{\"@type\":\"ListItem\",\"position\":2,\"name\":\"G\u00eete: Le Fournil\",\"item\":\"https:\\\/\\\/lesgitesdebouxhmont.com\\\/?page_id=61\"},{\"@type\":\"ListItem\",\"position\":3,\"name\":\"Liste d\u00e9taill\u00e9e des \u00e9quipements\"}]},{\"@type\":\"WebSite\",\"@id\":\"https:\\\/\\\/lesgitesdebouxhmont.com\\\/#website\",\"url\":\"https:\\\/\\\/lesgitesdebouxhmont.com\\\/\",\"name\":\"Les g\u00eetes de Bouxhmont\",\"description\":\"\",\"potentialAction\":[{\"@type\":\"SearchAction\",\"target\":{\"@type\":\"EntryPoint\",\"urlTemplate\":\"https:\\\/\\\/lesgitesdebouxhmont.com\\\/?s={search_term_string}\"},\"query-input\":{\"@type\":\"PropertyValueSpecification\",\"valueRequired\":true,\"valueName\":\"search_term_string\"}}],\"inLanguage\":\"fr-FR\"}]}<\/script>\n<!-- \/ Yoast SEO plugin. -->","yoast_head_json":{"title":"Liste d\u00e9taill\u00e9e des \u00e9quipements - Les g\u00eetes de Bouxhmont","robots":{"index":"index","follow":"follow","max-snippet":"max-snippet:-1","max-image-preview":"max-image-preview:large","max-video-preview":"max-video-preview:-1"},"canonical":"https:\/\/lesgitesdebouxhmont.com\/?page_id=359","og_locale":"fr_FR","og_type":"article","og_title":"Liste d\u00e9taill\u00e9e des \u00e9quipements - Les g\u00eetes de Bouxhmont","og_description":"Liste d\u00e9taill\u00e9e des \u00e9quipements Parking Un parking priv\u00e9 gratuit est disponible sur place. Internet Une connexion wifi est disponible dans tous les domaines et est gratuites. Cuisine Table \u00e0 manger Cafeti\u00e8re Cuisini\u00e8re Four Four micro onde Lave-vaisselle R\u00e9frig\u00e9rateur Ustensiles de cuisine Appareil \u00e0 croque Monsieur Salle de bain Lavabo Douche Toilette Papier toilette S\u00e8che cheveux &hellip;","og_url":"https:\/\/lesgitesdebouxhmont.com\/?page_id=359","og_site_name":"Les g\u00eetes de Bouxhmont","article_publisher":"https:\/\/www.facebook.com\/Les-g%c3%aetes-de-Bouxhmont-111452740537296\/","article_modified_time":"2021-10-13T09:51:13+00:00","og_image":[{"width":2560,"height":1440,"url":"https:\/\/lesgitesdebouxhmont.com\/wp-content\/uploads\/2020\/06\/23062020-GiteOsmoTest-6-2-scaled.jpg","type":"image\/jpeg"}],"twitter_card":"summary_large_image","twitter_misc":{"Dur\u00e9e de lecture estim\u00e9e":"3 minutes"},"schema":{"@context":"https:\/\/schema.org","@graph":[{"@type":"WebPage","@id":"https:\/\/lesgitesdebouxhmont.com\/?page_id=359","url":"https:\/\/lesgitesdebouxhmont.com\/?page_id=359","name":"Liste d\u00e9taill\u00e9e des \u00e9quipements - Les g\u00eetes de Bouxhmont","isPartOf":{"@id":"https:\/\/lesgitesdebouxhmont.com\/#website"},"primaryImageOfPage":{"@id":"https:\/\/lesgitesdebouxhmont.com\/?page_id=359#primaryimage"},"image":{"@id":"https:\/\/lesgitesdebouxhmont.com\/?page_id=359#primaryimage"},"thumbnailUrl":"https:\/\/lesgitesdebouxhmont.com\/wp-content\/uploads\/2020\/06\/23062020-GiteOsmoTest-6-2-scaled.jpg","datePublished":"2020-07-02T12:30:18+00:00","dateModified":"2021-10-13T09:51:13+00:00","breadcrumb":{"@id":"https:\/\/lesgitesdebouxhmont.com\/?page_id=359#breadcrumb"},"inLanguage":"fr-FR","potentialAction":[{"@type":"ReadAction","target":["https:\/\/lesgitesdebouxhmont.com\/?page_id=359"]}]},{"@type":"ImageObject","inLanguage":"fr-FR","@id":"https:\/\/lesgitesdebouxhmont.com\/?page_id=359#primaryimage","url":"https:\/\/lesgitesdebouxhmont.com\/wp-content\/uploads\/2020\/06\/23062020-GiteOsmoTest-6-2-scaled.jpg","contentUrl":"https:\/\/lesgitesdebouxhmont.com\/wp-content\/uploads\/2020\/06\/23062020-GiteOsmoTest-6-2-scaled.jpg","width":2560,"height":1440,"caption":"G\u00eete: LE FOURNIL"},{"@type":"BreadcrumbList","@id":"https:\/\/lesgitesdebouxhmont.com\/?page_id=359#breadcrumb","itemListElement":[{"@type":"ListItem","position":1,"name":"Accueil","item":"https:\/\/lesgitesdebouxhmont.com\/"},{"@type":"ListItem","position":2,"name":"G\u00eete: Le Fournil","item":"https:\/\/lesgitesdebouxhmont.com\/?page_id=61"},{"@type":"ListItem","position":3,"name":"Liste d\u00e9taill\u00e9e des \u00e9quipements"}]},{"@type":"WebSite","@id":"https:\/\/lesgitesdebouxhmont.com\/#website","url":"https:\/\/lesgitesdebouxhmont.com\/","name":"Les g\u00eetes de Bouxhmont","description":"","potentialAction":[{"@type":"SearchAction","target":{"@type":"EntryPoint","urlTemplate":"https:\/\/lesgitesdebouxhmont.com\/?s={search_term_string}"},"query-input":{"@type":"PropertyValueSpecification","valueRequired":true,"valueName":"search_term_string"}}],"inLanguage":"fr-FR"}]}},"_links":{"self":[{"href":"https:\/\/lesgitesdebouxhmont.com\/index.php?rest_route=\/wp\/v2\/pages\/359","targetHints":{"allow":["GET"]}}],"collection":[{"href":"https:\/\/lesgitesdebouxhmont.com\/index.php?rest_route=\/wp\/v2\/pages"}],"about":[{"href":"https:\/\/lesgitesdebouxhmont.com\/index.php?rest_route=\/wp\/v2\/types\/page"}],"author":[{"embeddable":true,"href":"https:\/\/lesgitesdebouxhmont.com\/index.php?rest_route=\/wp\/v2\/users\/1"}],"replies":[{"embeddable":true,"href":"https:\/\/lesgitesdebouxhmont.com\/index.php?rest_route=%2Fwp%2Fv2%2Fcomments&post=359"}],"version-history":[{"count":10,"href":"https:\/\/lesgitesdebouxhmont.com\/index.php?rest_route=\/wp\/v2\/pages\/359\/revisions"}],"predecessor-version":[{"id":726,"href":"https:\/\/lesgitesdebouxhmont.com\/index.php?rest_route=\/wp\/v2\/pages\/359\/revisions\/726"}],"up":[{"embeddable":true,"href":"https:\/\/lesgitesdebouxhmont.com\/index.php?rest_route=\/wp\/v2\/pages\/61"}],"wp:featuredmedia":[{"embeddable":true,"href":"https:\/\/lesgitesdebouxhmont.com\/index.php?rest_route=\/wp\/v2\/media\/94"}],"wp:attachment":[{"href":"https:\/\/lesgitesdebouxhmont.com\/index.php?rest_route=%2Fwp%2Fv2%2Fmedia&parent=359"}],"curies":[{"name":"wp","href":"https:\/\/api.w.org\/{rel}","templated":true}]}}