{"id":1003,"date":"2022-01-12T14:42:33","date_gmt":"2022-01-12T14:42:33","guid":{"rendered":"https:\/\/lesgitesdebouxhmont.com\/les-gites-de-bouxhmont-nederlands\/"},"modified":"2023-07-11T14:33:04","modified_gmt":"2023-07-11T14:33:04","slug":"les-gites-de-bouxhmont-3","status":"publish","type":"page","link":"https:\/\/lesgitesdebouxhmont.com\/","title":{"rendered":"Les g\u00eetes de Bouxhmont"},"content":{"rendered":"\n<div style=\"height:20px\" aria-hidden=\"true\" class=\"wp-block-spacer\"><\/div>\n\n\n\n<p class=\"has-suki-color-7-color has-suki-color-3-background-color has-text-color has-background\">Nich\u00e9 au creux du Pays de Herve se trouve un endroit que vous allez adorer d\u00e9couvrir:<br>Son nom: LES G\u00ceTES DE BOXHMONT<\/p>\n\n\n\n<div class=\"wp-block-group alignwide\"><div class=\"wp-block-group__inner-container is-layout-flow wp-block-group-is-layout-flow\">\n<div class=\"wp-block-media-text alignwide is-stacked-on-mobile\" style=\"grid-template-columns:44% auto\"><figure class=\"wp-block-media-text__media\"><img loading=\"lazy\" decoding=\"async\" width=\"1024\" height=\"661\" src=\"https:\/\/lesgitesdebouxhmont.com\/wp-content\/uploads\/2020\/07\/gites2-e1627994792614-1024x661.jpg\" alt=\"\" class=\"wp-image-576 size-full\" srcset=\"https:\/\/lesgitesdebouxhmont.com\/wp-content\/uploads\/2020\/07\/gites2-e1627994792614-1024x661.jpg 1024w, https:\/\/lesgitesdebouxhmont.com\/wp-content\/uploads\/2020\/07\/gites2-e1627994792614-300x194.jpg 300w, https:\/\/lesgitesdebouxhmont.com\/wp-content\/uploads\/2020\/07\/gites2-e1627994792614-768x496.jpg 768w, https:\/\/lesgitesdebouxhmont.com\/wp-content\/uploads\/2020\/07\/gites2-e1627994792614-1536x991.jpg 1536w, https:\/\/lesgitesdebouxhmont.com\/wp-content\/uploads\/2020\/07\/gites2-e1627994792614.jpg 1636w\" sizes=\"auto, (max-width: 1024px) 100vw, 1024px\" \/><\/figure><div class=\"wp-block-media-text__content\">\n<p class=\"has-suki-color-7-color has-suki-color-3-background-color has-text-color has-background has-medium-font-size\">Le g\u00eete : Le Fournil avec son JACCUZZI est le lieu id\u00e9al pour une agr\u00e9able escapade en amoureux.<\/p>\n<\/div><\/div>\n<\/div><\/div>\n\n\n\n<div style=\"height:20px\" aria-hidden=\"true\" class=\"wp-block-spacer\"><\/div>\n\n\n\n<div class=\"wp-block-group alignwide\"><div class=\"wp-block-group__inner-container is-layout-flow wp-block-group-is-layout-flow\">\n<figure class=\"wp-block-gallery alignwide has-nested-images columns-default is-cropped wp-block-gallery-1 is-layout-flex wp-block-gallery-is-layout-flex\">\n<figure class=\"wp-block-image size-large\"><img loading=\"lazy\" decoding=\"async\" width=\"1024\" height=\"576\" data-id=\"481\" src=\"https:\/\/lesgitesdebouxhmont.com\/wp-content\/uploads\/2020\/07\/23062020-GiteOsmoTest-7-1024x576.jpg\" alt=\"\" class=\"wp-image-481\" srcset=\"https:\/\/lesgitesdebouxhmont.com\/wp-content\/uploads\/2020\/07\/23062020-GiteOsmoTest-7-1024x576.jpg 1024w, https:\/\/lesgitesdebouxhmont.com\/wp-content\/uploads\/2020\/07\/23062020-GiteOsmoTest-7-300x169.jpg 300w, https:\/\/lesgitesdebouxhmont.com\/wp-content\/uploads\/2020\/07\/23062020-GiteOsmoTest-7-768x432.jpg 768w, https:\/\/lesgitesdebouxhmont.com\/wp-content\/uploads\/2020\/07\/23062020-GiteOsmoTest-7-1536x864.jpg 1536w, https:\/\/lesgitesdebouxhmont.com\/wp-content\/uploads\/2020\/07\/23062020-GiteOsmoTest-7-2048x1152.jpg 2048w\" sizes=\"auto, (max-width: 1024px) 100vw, 1024px\" \/><figcaption class=\"wp-element-caption\">G\u00eete: Le Fournil<\/figcaption><\/figure>\n\n\n\n<figure class=\"wp-block-image size-large\"><img loading=\"lazy\" decoding=\"async\" width=\"1024\" height=\"589\" data-id=\"765\" src=\"https:\/\/lesgitesdebouxhmont.com\/wp-content\/uploads\/2021\/09\/108029332_549138745755117_621598897674189127_n-1024x589.jpg\" alt=\"\" class=\"wp-image-765\" srcset=\"https:\/\/lesgitesdebouxhmont.com\/wp-content\/uploads\/2021\/09\/108029332_549138745755117_621598897674189127_n-1024x589.jpg 1024w, https:\/\/lesgitesdebouxhmont.com\/wp-content\/uploads\/2021\/09\/108029332_549138745755117_621598897674189127_n-300x173.jpg 300w, https:\/\/lesgitesdebouxhmont.com\/wp-content\/uploads\/2021\/09\/108029332_549138745755117_621598897674189127_n-768x442.jpg 768w, https:\/\/lesgitesdebouxhmont.com\/wp-content\/uploads\/2021\/09\/108029332_549138745755117_621598897674189127_n-1536x884.jpg 1536w, https:\/\/lesgitesdebouxhmont.com\/wp-content\/uploads\/2021\/09\/108029332_549138745755117_621598897674189127_n.jpg 2048w\" sizes=\"auto, (max-width: 1024px) 100vw, 1024px\" \/><figcaption class=\"wp-element-caption\">G\u00eete: Le Founil<\/figcaption><\/figure>\n\n\n\n<figure class=\"wp-block-image size-large\"><img loading=\"lazy\" decoding=\"async\" width=\"1024\" height=\"576\" data-id=\"808\" src=\"https:\/\/lesgitesdebouxhmont.com\/wp-content\/uploads\/2021\/09\/23062020-GiteOsmoTest-10-1024x576.jpg\" alt=\"\" class=\"wp-image-808\" srcset=\"https:\/\/lesgitesdebouxhmont.com\/wp-content\/uploads\/2021\/09\/23062020-GiteOsmoTest-10-1024x576.jpg 1024w, https:\/\/lesgitesdebouxhmont.com\/wp-content\/uploads\/2021\/09\/23062020-GiteOsmoTest-10-300x169.jpg 300w, https:\/\/lesgitesdebouxhmont.com\/wp-content\/uploads\/2021\/09\/23062020-GiteOsmoTest-10-768x432.jpg 768w, https:\/\/lesgitesdebouxhmont.com\/wp-content\/uploads\/2021\/09\/23062020-GiteOsmoTest-10-1536x864.jpg 1536w, https:\/\/lesgitesdebouxhmont.com\/wp-content\/uploads\/2021\/09\/23062020-GiteOsmoTest-10.jpg 1885w\" sizes=\"auto, (max-width: 1024px) 100vw, 1024px\" \/><figcaption class=\"wp-element-caption\"> G\u00eete: Le Fournil<\/figcaption><\/figure>\n<\/figure>\n<\/div><\/div>\n\n\n\n<div style=\"height:24px\" aria-hidden=\"true\" class=\"wp-block-spacer\"><\/div>\n\n\n\n<div class=\"wp-block-media-text alignwide has-media-on-the-right is-stacked-on-mobile\" style=\"grid-template-columns:auto 40%\"><div class=\"wp-block-media-text__content\">\n<p class=\"has-suki-color-7-color has-suki-color-3-background-color has-text-color has-background has-medium-font-size\">Si vous pr\u00e9f\u00e9rez passez un s\u00e9jour en famille ou entre amis, nous vous proposons le g\u00eete:<br>Le Fenil  avec sa PISCINE int\u00e9rieure privative pour 7 \u00e0 9 personnes.<\/p>\n<\/div><figure class=\"wp-block-media-text__media\"><img loading=\"lazy\" decoding=\"async\" width=\"1024\" height=\"757\" src=\"https:\/\/lesgitesdebouxhmont.com\/wp-content\/uploads\/2021\/09\/11092021-GrandGiteTravaux-1024x757.jpg\" alt=\"\" class=\"wp-image-800 size-full\" srcset=\"https:\/\/lesgitesdebouxhmont.com\/wp-content\/uploads\/2021\/09\/11092021-GrandGiteTravaux-1024x757.jpg 1024w, https:\/\/lesgitesdebouxhmont.com\/wp-content\/uploads\/2021\/09\/11092021-GrandGiteTravaux-300x222.jpg 300w, https:\/\/lesgitesdebouxhmont.com\/wp-content\/uploads\/2021\/09\/11092021-GrandGiteTravaux-768x568.jpg 768w\" sizes=\"auto, (max-width: 1024px) 100vw, 1024px\" \/><\/figure><\/div>\n\n\n\n<div style=\"height:20px\" aria-hidden=\"true\" class=\"wp-block-spacer\"><\/div>\n\n\n\n<div class=\"wp-block-group alignwide\"><div class=\"wp-block-group__inner-container is-layout-flow wp-block-group-is-layout-flow\">\n<figure class=\"wp-block-gallery has-nested-images columns-default is-cropped wp-block-gallery-2 is-layout-flex wp-block-gallery-is-layout-flex\">\n<figure class=\"wp-block-image size-large\"><img loading=\"lazy\" decoding=\"async\" width=\"681\" height=\"1024\" data-id=\"799\" src=\"https:\/\/lesgitesdebouxhmont.com\/wp-content\/uploads\/2021\/09\/11092021-GrandGiteTravaux-8-681x1024.jpg\" alt=\"\" class=\"wp-image-799\" srcset=\"https:\/\/lesgitesdebouxhmont.com\/wp-content\/uploads\/2021\/09\/11092021-GrandGiteTravaux-8-681x1024.jpg 681w, https:\/\/lesgitesdebouxhmont.com\/wp-content\/uploads\/2021\/09\/11092021-GrandGiteTravaux-8-200x300.jpg 200w, https:\/\/lesgitesdebouxhmont.com\/wp-content\/uploads\/2021\/09\/11092021-GrandGiteTravaux-8-768x1154.jpg 768w, https:\/\/lesgitesdebouxhmont.com\/wp-content\/uploads\/2021\/09\/11092021-GrandGiteTravaux-8-1022x1536.jpg 1022w, https:\/\/lesgitesdebouxhmont.com\/wp-content\/uploads\/2021\/09\/11092021-GrandGiteTravaux-8-1363x2048.jpg 1363w, https:\/\/lesgitesdebouxhmont.com\/wp-content\/uploads\/2021\/09\/11092021-GrandGiteTravaux-8.jpg 1670w\" sizes=\"auto, (max-width: 681px) 100vw, 681px\" \/><figcaption class=\"wp-element-caption\">G\u00eete: Le Fenil<\/figcaption><\/figure>\n\n\n\n<figure class=\"wp-block-image size-large\"><img loading=\"lazy\" decoding=\"async\" width=\"1024\" height=\"681\" data-id=\"749\" src=\"https:\/\/lesgitesdebouxhmont.com\/wp-content\/uploads\/2021\/09\/02092021-GrandGiteTravaux-22-1024x681.jpg\" alt=\"\" class=\"wp-image-749\"\/><figcaption class=\"wp-element-caption\">G\u00eete: Le Fenil<\/figcaption><\/figure>\n\n\n\n<figure class=\"wp-block-image size-large\"><img loading=\"lazy\" decoding=\"async\" width=\"1024\" height=\"667\" data-id=\"750\" src=\"https:\/\/lesgitesdebouxhmont.com\/wp-content\/uploads\/2021\/09\/02092021-GrandGiteTravaux-24-1024x667.jpg\" alt=\"\" class=\"wp-image-750\" srcset=\"https:\/\/lesgitesdebouxhmont.com\/wp-content\/uploads\/2021\/09\/02092021-GrandGiteTravaux-24-1024x667.jpg 1024w, https:\/\/lesgitesdebouxhmont.com\/wp-content\/uploads\/2021\/09\/02092021-GrandGiteTravaux-24-300x196.jpg 300w, https:\/\/lesgitesdebouxhmont.com\/wp-content\/uploads\/2021\/09\/02092021-GrandGiteTravaux-24-768x501.jpg 768w, https:\/\/lesgitesdebouxhmont.com\/wp-content\/uploads\/2021\/09\/02092021-GrandGiteTravaux-24-1536x1001.jpg 1536w, https:\/\/lesgitesdebouxhmont.com\/wp-content\/uploads\/2021\/09\/02092021-GrandGiteTravaux-24-2048x1335.jpg 2048w\" sizes=\"auto, (max-width: 1024px) 100vw, 1024px\" \/><figcaption class=\"wp-element-caption\">G\u00eete: Le Fenil<\/figcaption><\/figure>\n<\/figure>\n<\/div><\/div>\n\n\n\n<div style=\"height:20px\" aria-hidden=\"true\" class=\"wp-block-spacer\"><\/div>\n\n\n\n<p class=\"has-suki-color-7-color has-suki-color-3-background-color has-text-color has-background\">Vous voulez d\u00e9couvrir la r\u00e9gion en v\u00e9los \u00e9lectrique !<br>Voici une adresse:<\/p>\n\n\n\n<div class=\"wp-block-media-text is-stacked-on-mobile is-vertically-aligned-center\" style=\"grid-template-columns:22% auto\"><figure class=\"wp-block-media-text__media\"><a href=\"https:\/\/minousbikes.com\" target=\"_blank\" rel=\"noreferrer noopener\"><img loading=\"lazy\" decoding=\"async\" width=\"800\" height=\"800\" src=\"https:\/\/lesgitesdebouxhmont.com\/wp-content\/uploads\/2022\/11\/3422-minous-bike-logo-web-1.jpg\" alt=\"\" class=\"wp-image-1122 size-full\" srcset=\"https:\/\/lesgitesdebouxhmont.com\/wp-content\/uploads\/2022\/11\/3422-minous-bike-logo-web-1.jpg 800w, https:\/\/lesgitesdebouxhmont.com\/wp-content\/uploads\/2022\/11\/3422-minous-bike-logo-web-1-300x300.jpg 300w, https:\/\/lesgitesdebouxhmont.com\/wp-content\/uploads\/2022\/11\/3422-minous-bike-logo-web-1-150x150.jpg 150w, https:\/\/lesgitesdebouxhmont.com\/wp-content\/uploads\/2022\/11\/3422-minous-bike-logo-web-1-768x768.jpg 768w\" sizes=\"auto, (max-width: 800px) 100vw, 800px\" \/><\/a><\/figure><div class=\"wp-block-media-text__content\">\n<p class=\"has-suki-color-7-color has-suki-color-3-background-color has-text-color has-background\">Romain Soiron<br>Rue Saint-Martin 4<br>3790 Fouron Saint-Martin<br>T\u00e9l: +32 499 27 57 59<br>Mail: <a href=\"mailto:soironromain@gmail.com\"><em>soironromain@gmail.com<\/em><\/a><\/p>\n\n\n\n<p><\/p>\n<\/div><\/div>\n","protected":false},"excerpt":{"rendered":"<p>Nich\u00e9 au creux du Pays de Herve se trouve un endroit que vous allez adorer d\u00e9couvrir:Son nom: LES G\u00ceTES DE BOXHMONT Le g\u00eete : Le Fournil avec son JACCUZZI est le lieu id\u00e9al pour une agr\u00e9able escapade en amoureux. Si vous pr\u00e9f\u00e9rez passez un s\u00e9jour en famille ou entre amis, nous vous proposons le g\u00eete:Le &hellip;<\/p>\n","protected":false},"author":1,"featured_media":1017,"parent":0,"menu_order":0,"comment_status":"closed","ping_status":"closed","template":"","meta":{"_monsterinsights_skip_tracking":false,"_monsterinsights_sitenote_active":false,"_monsterinsights_sitenote_note":"","_monsterinsights_sitenote_category":0,"footnotes":""},"class_list":["post-1003","page","type-page","status-publish","has-post-thumbnail","hentry"],"yoast_head":"<!-- This site is optimized with the Yoast SEO plugin v27.4 - https:\/\/yoast.com\/product\/yoast-seo-wordpress\/ -->\n<title>Les g\u00eetes de Bouxhmont - Les g\u00eetes de Bouxhmont<\/title>\n<meta name=\"robots\" content=\"index, follow, max-snippet:-1, max-image-preview:large, max-video-preview:-1\" \/>\n<link rel=\"canonical\" href=\"https:\/\/lesgitesdebouxhmont.com\/\" \/>\n<meta property=\"og:locale\" content=\"fr_FR\" \/>\n<meta property=\"og:type\" content=\"article\" \/>\n<meta property=\"og:title\" content=\"Les g\u00eetes de Bouxhmont - Les g\u00eetes de Bouxhmont\" \/>\n<meta property=\"og:description\" content=\"Nich\u00e9 au creux du Pays de Herve se trouve un endroit que vous allez adorer d\u00e9couvrir:Son nom: LES G\u00ceTES DE BOXHMONT Le g\u00eete : Le Fournil avec son JACCUZZI est le lieu id\u00e9al pour une agr\u00e9able escapade en amoureux. Si vous pr\u00e9f\u00e9rez passez un s\u00e9jour en famille ou entre amis, nous vous proposons le g\u00eete:Le &hellip;\" \/>\n<meta property=\"og:url\" content=\"https:\/\/lesgitesdebouxhmont.com\/\" \/>\n<meta property=\"og:site_name\" content=\"Les g\u00eetes de Bouxhmont\" \/>\n<meta property=\"article:publisher\" content=\"https:\/\/www.facebook.com\/Les-g%c3%aetes-de-Bouxhmont-111452740537296\/\" \/>\n<meta property=\"article:modified_time\" content=\"2023-07-11T14:33:04+00:00\" \/>\n<meta property=\"og:image\" content=\"https:\/\/lesgitesdebouxhmont.com\/wp-content\/uploads\/2022\/01\/108151929_309683723538010_7454486547286404583_n-e1642007277835.jpg\" \/>\n\t<meta property=\"og:image:width\" content=\"1894\" \/>\n\t<meta property=\"og:image:height\" content=\"1187\" \/>\n\t<meta property=\"og:image:type\" content=\"image\/jpeg\" \/>\n<meta name=\"twitter:card\" content=\"summary_large_image\" \/>\n<meta name=\"twitter:label1\" content=\"Dur\u00e9e de lecture estim\u00e9e\" \/>\n\t<meta name=\"twitter:data1\" content=\"3 minutes\" \/>\n<script type=\"application\/ld+json\" class=\"yoast-schema-graph\">{\"@context\":\"https:\\\/\\\/schema.org\",\"@graph\":[{\"@type\":\"WebPage\",\"@id\":\"https:\\\/\\\/lesgitesdebouxhmont.com\\\/\",\"url\":\"https:\\\/\\\/lesgitesdebouxhmont.com\\\/\",\"name\":\"Les g\u00eetes de Bouxhmont - Les g\u00eetes de Bouxhmont\",\"isPartOf\":{\"@id\":\"https:\\\/\\\/lesgitesdebouxhmont.com\\\/#website\"},\"primaryImageOfPage\":{\"@id\":\"https:\\\/\\\/lesgitesdebouxhmont.com\\\/#primaryimage\"},\"image\":{\"@id\":\"https:\\\/\\\/lesgitesdebouxhmont.com\\\/#primaryimage\"},\"thumbnailUrl\":\"https:\\\/\\\/lesgitesdebouxhmont.com\\\/wp-content\\\/uploads\\\/2022\\\/01\\\/108151929_309683723538010_7454486547286404583_n-e1642007277835.jpg\",\"datePublished\":\"2022-01-12T14:42:33+00:00\",\"dateModified\":\"2023-07-11T14:33:04+00:00\",\"breadcrumb\":{\"@id\":\"https:\\\/\\\/lesgitesdebouxhmont.com\\\/#breadcrumb\"},\"inLanguage\":\"fr-FR\",\"potentialAction\":[{\"@type\":\"ReadAction\",\"target\":[\"https:\\\/\\\/lesgitesdebouxhmont.com\\\/\"]}]},{\"@type\":\"ImageObject\",\"inLanguage\":\"fr-FR\",\"@id\":\"https:\\\/\\\/lesgitesdebouxhmont.com\\\/#primaryimage\",\"url\":\"https:\\\/\\\/lesgitesdebouxhmont.com\\\/wp-content\\\/uploads\\\/2022\\\/01\\\/108151929_309683723538010_7454486547286404583_n-e1642007277835.jpg\",\"contentUrl\":\"https:\\\/\\\/lesgitesdebouxhmont.com\\\/wp-content\\\/uploads\\\/2022\\\/01\\\/108151929_309683723538010_7454486547286404583_n-e1642007277835.jpg\",\"width\":1894,\"height\":1187},{\"@type\":\"BreadcrumbList\",\"@id\":\"https:\\\/\\\/lesgitesdebouxhmont.com\\\/#breadcrumb\",\"itemListElement\":[{\"@type\":\"ListItem\",\"position\":1,\"name\":\"Accueil\",\"item\":\"https:\\\/\\\/lesgitesdebouxhmont.com\\\/\"},{\"@type\":\"ListItem\",\"position\":2,\"name\":\"Les g\u00eetes de Bouxhmont\"}]},{\"@type\":\"WebSite\",\"@id\":\"https:\\\/\\\/lesgitesdebouxhmont.com\\\/#website\",\"url\":\"https:\\\/\\\/lesgitesdebouxhmont.com\\\/\",\"name\":\"Les g\u00eetes de Bouxhmont\",\"description\":\"\",\"potentialAction\":[{\"@type\":\"SearchAction\",\"target\":{\"@type\":\"EntryPoint\",\"urlTemplate\":\"https:\\\/\\\/lesgitesdebouxhmont.com\\\/?s={search_term_string}\"},\"query-input\":{\"@type\":\"PropertyValueSpecification\",\"valueRequired\":true,\"valueName\":\"search_term_string\"}}],\"inLanguage\":\"fr-FR\"}]}<\/script>\n<!-- \/ Yoast SEO plugin. -->","yoast_head_json":{"title":"Les g\u00eetes de Bouxhmont - Les g\u00eetes de Bouxhmont","robots":{"index":"index","follow":"follow","max-snippet":"max-snippet:-1","max-image-preview":"max-image-preview:large","max-video-preview":"max-video-preview:-1"},"canonical":"https:\/\/lesgitesdebouxhmont.com\/","og_locale":"fr_FR","og_type":"article","og_title":"Les g\u00eetes de Bouxhmont - Les g\u00eetes de Bouxhmont","og_description":"Nich\u00e9 au creux du Pays de Herve se trouve un endroit que vous allez adorer d\u00e9couvrir:Son nom: LES G\u00ceTES DE BOXHMONT Le g\u00eete : Le Fournil avec son JACCUZZI est le lieu id\u00e9al pour une agr\u00e9able escapade en amoureux. Si vous pr\u00e9f\u00e9rez passez un s\u00e9jour en famille ou entre amis, nous vous proposons le g\u00eete:Le &hellip;","og_url":"https:\/\/lesgitesdebouxhmont.com\/","og_site_name":"Les g\u00eetes de Bouxhmont","article_publisher":"https:\/\/www.facebook.com\/Les-g%c3%aetes-de-Bouxhmont-111452740537296\/","article_modified_time":"2023-07-11T14:33:04+00:00","og_image":[{"width":1894,"height":1187,"url":"https:\/\/lesgitesdebouxhmont.com\/wp-content\/uploads\/2022\/01\/108151929_309683723538010_7454486547286404583_n-e1642007277835.jpg","type":"image\/jpeg"}],"twitter_card":"summary_large_image","twitter_misc":{"Dur\u00e9e de lecture estim\u00e9e":"3 minutes"},"schema":{"@context":"https:\/\/schema.org","@graph":[{"@type":"WebPage","@id":"https:\/\/lesgitesdebouxhmont.com\/","url":"https:\/\/lesgitesdebouxhmont.com\/","name":"Les g\u00eetes de Bouxhmont - Les g\u00eetes de Bouxhmont","isPartOf":{"@id":"https:\/\/lesgitesdebouxhmont.com\/#website"},"primaryImageOfPage":{"@id":"https:\/\/lesgitesdebouxhmont.com\/#primaryimage"},"image":{"@id":"https:\/\/lesgitesdebouxhmont.com\/#primaryimage"},"thumbnailUrl":"https:\/\/lesgitesdebouxhmont.com\/wp-content\/uploads\/2022\/01\/108151929_309683723538010_7454486547286404583_n-e1642007277835.jpg","datePublished":"2022-01-12T14:42:33+00:00","dateModified":"2023-07-11T14:33:04+00:00","breadcrumb":{"@id":"https:\/\/lesgitesdebouxhmont.com\/#breadcrumb"},"inLanguage":"fr-FR","potentialAction":[{"@type":"ReadAction","target":["https:\/\/lesgitesdebouxhmont.com\/"]}]},{"@type":"ImageObject","inLanguage":"fr-FR","@id":"https:\/\/lesgitesdebouxhmont.com\/#primaryimage","url":"https:\/\/lesgitesdebouxhmont.com\/wp-content\/uploads\/2022\/01\/108151929_309683723538010_7454486547286404583_n-e1642007277835.jpg","contentUrl":"https:\/\/lesgitesdebouxhmont.com\/wp-content\/uploads\/2022\/01\/108151929_309683723538010_7454486547286404583_n-e1642007277835.jpg","width":1894,"height":1187},{"@type":"BreadcrumbList","@id":"https:\/\/lesgitesdebouxhmont.com\/#breadcrumb","itemListElement":[{"@type":"ListItem","position":1,"name":"Accueil","item":"https:\/\/lesgitesdebouxhmont.com\/"},{"@type":"ListItem","position":2,"name":"Les g\u00eetes de Bouxhmont"}]},{"@type":"WebSite","@id":"https:\/\/lesgitesdebouxhmont.com\/#website","url":"https:\/\/lesgitesdebouxhmont.com\/","name":"Les g\u00eetes de Bouxhmont","description":"","potentialAction":[{"@type":"SearchAction","target":{"@type":"EntryPoint","urlTemplate":"https:\/\/lesgitesdebouxhmont.com\/?s={search_term_string}"},"query-input":{"@type":"PropertyValueSpecification","valueRequired":true,"valueName":"search_term_string"}}],"inLanguage":"fr-FR"}]}},"_links":{"self":[{"href":"https:\/\/lesgitesdebouxhmont.com\/index.php?rest_route=\/wp\/v2\/pages\/1003","targetHints":{"allow":["GET"]}}],"collection":[{"href":"https:\/\/lesgitesdebouxhmont.com\/index.php?rest_route=\/wp\/v2\/pages"}],"about":[{"href":"https:\/\/lesgitesdebouxhmont.com\/index.php?rest_route=\/wp\/v2\/types\/page"}],"author":[{"embeddable":true,"href":"https:\/\/lesgitesdebouxhmont.com\/index.php?rest_route=\/wp\/v2\/users\/1"}],"replies":[{"embeddable":true,"href":"https:\/\/lesgitesdebouxhmont.com\/index.php?rest_route=%2Fwp%2Fv2%2Fcomments&post=1003"}],"version-history":[{"count":15,"href":"https:\/\/lesgitesdebouxhmont.com\/index.php?rest_route=\/wp\/v2\/pages\/1003\/revisions"}],"predecessor-version":[{"id":1147,"href":"https:\/\/lesgitesdebouxhmont.com\/index.php?rest_route=\/wp\/v2\/pages\/1003\/revisions\/1147"}],"wp:featuredmedia":[{"embeddable":true,"href":"https:\/\/lesgitesdebouxhmont.com\/index.php?rest_route=\/wp\/v2\/media\/1017"}],"wp:attachment":[{"href":"https:\/\/lesgitesdebouxhmont.com\/index.php?rest_route=%2Fwp%2Fv2%2Fmedia&parent=1003"}],"curies":[{"name":"wp","href":"https:\/\/api.w.org\/{rel}","templated":true}]}}